CRAN Package Check Results for Package virustotal

Last updated on 2021-04-16 02:47:41 CEST.

Flavor Version Tinstall Tcheck Ttotal Status Flags
r-devel-linux-x86_64-debian-clang 0.2.1 2.89 32.84 35.73 NOTE
r-devel-linux-x86_64-debian-gcc 0.2.1 2.29 25.71 28.00 NOTE
r-devel-linux-x86_64-fedora-clang 0.2.1 51.97 NOTE
r-devel-linux-x86_64-fedora-gcc 0.2.1 42.67 NOTE
r-devel-windows-ix86+x86_64 0.2.1 7.00 46.00 53.00 NOTE
r-devel-windows-x86_64-gcc10-UCRT 0.2.1 NOTE
r-patched-linux-x86_64 0.2.1 2.71 31.09 33.80 OK
r-patched-solaris-x86 0.2.1 66.80 OK
r-release-linux-x86_64 0.2.1 2.78 31.59 34.37 OK
r-release-macos-x86_64 0.2.1 OK
r-release-windows-ix86+x86_64 0.2.1 18.00 55.00 73.00 OK
r-oldrel-macos-x86_64 0.2.1 OK
r-oldrel-windows-ix86+x86_64 0.2.1 6.00 39.00 45.00 OK

Check Details

Version: 0.2.1
Check: LazyData
Result: NOTE
     'LazyData' is specified without a 'data' directory
Flavors: r-devel-linux-x86_64-debian-clang, r-devel-linux-x86_64-debian-gcc, r-devel-linux-x86_64-fedora-clang, r-devel-linux-x86_64-fedora-gcc, r-devel-windows-ix86+x86_64, r-devel-windows-x86_64-gcc10-UCRT