CRAN Package Check Results for Package visTree

Last updated on 2022-06-29 02:55:25 CEST.

Flavor Version Tinstall Tcheck Ttotal Status Flags
r-devel-linux-x86_64-debian-clang 0.8.1 9.47 85.33 94.80 OK
r-devel-linux-x86_64-debian-gcc 0.8.1 6.06 65.42 71.48 OK
r-devel-linux-x86_64-fedora-clang 0.8.1 123.28 NOTE
r-devel-linux-x86_64-fedora-gcc 0.8.1 121.09 NOTE
r-devel-windows-x86_64 0.8.1 17.00 115.00 132.00 OK
r-patched-linux-x86_64 0.8.1 8.97 81.15 90.12 OK
r-release-linux-x86_64 0.8.1 5.75 84.45 90.20 OK
r-release-macos-arm64 0.8.1 41.00 NOTE
r-release-macos-x86_64 0.8.1 56.00 NOTE
r-release-windows-x86_64 0.8.1 17.00 131.00 148.00 OK
r-oldrel-macos-arm64 0.8.1 44.00 NOTE
r-oldrel-macos-x86_64 0.8.1 76.00 NOTE
r-oldrel-windows-ix86+x86_64 0.8.1 18.00 105.00 123.00 OK

Check Details

Version: 0.8.1
Check: dependencies in R code
Result: NOTE
    Namespace in Imports field not imported from: ‘rpart’
     All declared Imports should be used.
Flavors: r-devel-linux-x86_64-fedora-clang, r-devel-linux-x86_64-fedora-gcc, r-release-macos-arm64, r-release-macos-x86_64, r-oldrel-macos-arm64, r-oldrel-macos-x86_64