CRAN Package Check Results for Package volleystat

Last updated on 2020-11-29 02:46:51 CET.

Flavor Version Tinstall Tcheck Ttotal Status Flags
r-devel-linux-x86_64-debian-clang 0.2.0 3.25 35.94 39.19 OK
r-devel-linux-x86_64-debian-gcc 0.2.0 2.62 31.79 34.41 OK
r-devel-linux-x86_64-fedora-clang 0.2.0 55.56 NOTE
r-devel-linux-x86_64-fedora-gcc 0.2.0 48.11 NOTE
r-devel-windows-ix86+x86_64 0.2.0 8.00 40.00 48.00 OK
r-patched-linux-x86_64 0.2.0 3.38 38.22 41.60 OK
r-patched-solaris-x86 0.2.0 71.00 NOTE
r-release-linux-x86_64 0.2.0 3.38 38.40 41.78 OK
r-release-macos-x86_64 0.2.0 NOTE
r-release-windows-ix86+x86_64 0.2.0 7.00 40.00 47.00 OK
r-oldrel-macos-x86_64 0.2.0 NOTE
r-oldrel-windows-ix86+x86_64 0.2.0 5.00 44.00 49.00 OK

Check Details

Version: 0.2.0
Check: data for non-ASCII characters
Result: NOTE
     Note: found 4954 marked UTF-8 strings
Flavors: r-devel-linux-x86_64-fedora-clang, r-devel-linux-x86_64-fedora-gcc, r-patched-solaris-x86, r-release-macos-x86_64, r-oldrel-macos-x86_64