Last updated on 2021-03-04 02:48:25 CET.
Flavor | Version | Tinstall | Tcheck | Ttotal | Status | Flags |
---|---|---|---|---|---|---|
r-devel-linux-x86_64-debian-clang | 1.2.0 | 8.81 | 75.27 | 84.08 | NOTE | |
r-devel-linux-x86_64-debian-gcc | 1.2.0 | 7.10 | 56.08 | 63.18 | NOTE | |
r-devel-linux-x86_64-fedora-clang | 1.2.0 | 110.22 | NOTE | |||
r-devel-linux-x86_64-fedora-gcc | 1.2.0 | 95.06 | NOTE | |||
r-devel-windows-ix86+x86_64 | 1.2.0 | 17.00 | 94.00 | 111.00 | NOTE | |
r-patched-linux-x86_64 | 1.2.0 | 8.23 | 68.56 | 76.79 | NOTE | |
r-patched-solaris-x86 | 1.2.0 | 146.30 | NOTE | |||
r-release-linux-x86_64 | 1.2.0 | 7.09 | 68.33 | 75.42 | NOTE | |
r-release-macos-x86_64 | 1.2.0 | NOTE | ||||
r-release-windows-ix86+x86_64 | 1.2.0 | 15.00 | 79.00 | 94.00 | NOTE | |
r-oldrel-macos-x86_64 | 1.2.0 | ERROR |
Version: 1.2.0
Check: package dependencies
Result: NOTE
Package suggested but not available for checking: 'rPeaks'
Flavors: r-devel-linux-x86_64-debian-clang, r-devel-linux-x86_64-debian-gcc, r-devel-linux-x86_64-fedora-clang, r-devel-linux-x86_64-fedora-gcc, r-devel-windows-ix86+x86_64, r-patched-linux-x86_64, r-patched-solaris-x86, r-release-linux-x86_64, r-release-macos-x86_64, r-release-windows-ix86+x86_64, r-oldrel-macos-x86_64
Version: 1.2.0
Check: dependencies in R code
Result: NOTE
Namespaces in Imports field not imported from:
‘raster’ ‘reshape2’
All declared Imports should be used.
Flavors: r-devel-linux-x86_64-fedora-clang, r-devel-linux-x86_64-fedora-gcc, r-patched-solaris-x86, r-release-macos-x86_64
Version: 1.2.0
Check: whether package can be installed
Result: ERROR
Installation failed.
Flavor: r-oldrel-macos-x86_64