Last updated on 2023-03-30 02:51:05 CEST.
Flavor | Version | Tinstall | Tcheck | Ttotal | Status | Flags |
---|---|---|---|---|---|---|
r-devel-linux-x86_64-debian-clang | 1.1.0 | 2.00 | 218.07 | 220.07 | NOTE | |
r-devel-linux-x86_64-debian-gcc | 1.1.0 | 1.38 | 152.06 | 153.44 | NOTE | |
r-devel-linux-x86_64-fedora-clang | 1.1.0 | 265.71 | NOTE | |||
r-devel-linux-x86_64-fedora-gcc | 1.1.0 | 268.98 | NOTE | |||
r-patched-linux-x86_64 | 1.1.0 | 2.57 | 207.22 | 209.79 | NOTE | |
r-release-linux-x86_64 | 1.1.0 | 2.45 | 206.17 | 208.62 | NOTE | |
r-release-macos-arm64 | 1.1.0 | 62.00 | NOTE | |||
r-release-macos-x86_64 | 1.1.0 | 86.00 | NOTE | |||
r-release-windows-x86_64 | 1.1.0 | 18.00 | 255.00 | 273.00 | NOTE | |
r-oldrel-macos-arm64 | 1.1.0 | 79.00 | NOTE | |||
r-oldrel-macos-x86_64 | 1.1.0 | 123.00 | NOTE | |||
r-oldrel-windows-ix86+x86_64 | 1.1.0 | 5.00 | 272.00 | 277.00 | NOTE |
Version: 1.1.0
Check: LazyData
Result: NOTE
'LazyData' is specified without a 'data' directory
Flavors: r-devel-linux-x86_64-debian-clang, r-devel-linux-x86_64-debian-gcc, r-devel-linux-x86_64-fedora-clang, r-devel-linux-x86_64-fedora-gcc, r-patched-linux-x86_64, r-release-linux-x86_64, r-release-macos-arm64, r-release-macos-x86_64, r-release-windows-x86_64, r-oldrel-macos-arm64, r-oldrel-macos-x86_64, r-oldrel-windows-ix86+x86_64