CRAN Package Check Results for Package wdpar

Last updated on 2021-01-22 02:50:06 CET.

Flavor Version Tinstall Tcheck Ttotal Status Flags
r-devel-linux-x86_64-debian-clang 1.0.6 4.73 65.77 70.50 OK
r-devel-linux-x86_64-debian-gcc 1.0.6 4.14 50.51 54.65 OK
r-devel-linux-x86_64-fedora-clang 1.0.6 100.23 NOTE
r-devel-linux-x86_64-fedora-gcc 1.0.6 84.18 NOTE
r-devel-windows-ix86+x86_64 1.0.6 16.00 62.00 78.00 OK
r-patched-linux-x86_64 1.0.6 4.68 62.17 66.85 OK
r-patched-solaris-x86 1.0.6 127.70 NOTE
r-release-linux-x86_64 1.0.6 4.38 62.14 66.52 OK
r-release-macos-x86_64 1.0.6 NOTE
r-release-windows-ix86+x86_64 1.0.6 25.00 94.00 119.00 OK
r-oldrel-macos-x86_64 1.0.6 NOTE
r-oldrel-windows-ix86+x86_64 1.0.6 10.00 63.00 73.00 OK

Check Details

Version: 1.0.6
Check: dependencies in R code
Result: NOTE
    Namespace in Imports field not imported from: ‘tools’
     All declared Imports should be used.
Flavors: r-devel-linux-x86_64-fedora-clang, r-devel-linux-x86_64-fedora-gcc, r-patched-solaris-x86, r-release-macos-x86_64, r-oldrel-macos-x86_64