CRAN Package Check Results for Package weathercan

Last updated on 2020-07-09 02:50:21 CEST.

Flavor Version Tinstall Tcheck Ttotal Status Flags
r-devel-linux-x86_64-debian-clang 0.3.4 6.75 169.73 176.48 OK
r-devel-linux-x86_64-debian-gcc 0.3.4 6.20 123.30 129.50 OK
r-devel-linux-x86_64-fedora-clang 0.3.4 210.22 NOTE
r-devel-linux-x86_64-fedora-gcc 0.3.4 205.94 NOTE
r-devel-windows-ix86+x86_64 0.3.4 15.00 239.00 254.00 OK
r-patched-linux-x86_64 0.3.4 7.36 161.47 168.83 OK
r-patched-solaris-x86 0.3.4 251.10 NOTE
r-release-linux-x86_64 0.3.4 7.07 164.53 171.60 OK
r-release-osx-x86_64 0.3.4 NOTE
r-release-windows-ix86+x86_64 0.3.4 18.00 239.00 257.00 OK
r-oldrel-osx-x86_64 0.3.4 NOTE
r-oldrel-windows-ix86+x86_64 0.3.4 26.00 302.00 328.00 OK

Check Details

Version: 0.3.4
Check: data for non-ASCII characters
Result: NOTE
     Note: found 72 marked UTF-8 strings
Flavors: r-devel-linux-x86_64-fedora-clang, r-devel-linux-x86_64-fedora-gcc, r-patched-solaris-x86, r-release-osx-x86_64, r-oldrel-osx-x86_64