CRAN Package Check Results for Package weed

Last updated on 2022-08-18 04:56:41 CEST.

Flavor Version Tinstall Tcheck Ttotal Status Flags
r-devel-linux-x86_64-debian-clang 1.1.1 2.72 32.15 34.87 OK
r-devel-linux-x86_64-debian-gcc 1.1.1 2.12 24.82 26.94 OK
r-devel-linux-x86_64-fedora-clang 1.1.1 52.48 NOTE
r-devel-linux-x86_64-fedora-gcc 1.1.1 50.19 NOTE
r-devel-windows-x86_64 1.1.1 9.00 62.00 71.00 OK
r-patched-linux-x86_64 1.1.1 2.29 30.71 33.00 OK
r-release-linux-x86_64 1.1.1 1.74 30.89 32.63 OK
r-release-macos-arm64 1.1.1 23.00 NOTE
r-release-macos-x86_64 1.1.1 37.00 NOTE
r-release-windows-x86_64 1.1.1 8.00 63.00 71.00 OK
r-oldrel-macos-arm64 1.1.1 35.00 NOTE
r-oldrel-macos-x86_64 1.1.1 37.00 NOTE
r-oldrel-windows-ix86+x86_64 1.1.1 8.00 75.00 83.00 OK

Check Details

Version: 1.1.1
Check: dependencies in R code
Result: NOTE
    Namespaces in Imports field not imported from:
     ‘here’ ‘rgeos’ ‘tibble’
     All declared Imports should be used.
Flavors: r-devel-linux-x86_64-fedora-clang, r-devel-linux-x86_64-fedora-gcc, r-release-macos-arm64, r-release-macos-x86_64, r-oldrel-macos-arm64, r-oldrel-macos-x86_64