CRAN Package Check Results for Package word2vec

Last updated on 2022-10-02 02:49:26 CEST.

Flavor Version Tinstall Tcheck Ttotal Status Flags
r-devel-linux-x86_64-debian-clang 0.3.4 119.56 38.52 158.08 OK
r-devel-linux-x86_64-debian-gcc 0.3.4 95.91 28.99 124.90 OK
r-devel-linux-x86_64-fedora-clang 0.3.4 268.26 OK
r-devel-linux-x86_64-fedora-gcc 0.3.4 223.09 OK
r-devel-windows-x86_64 0.3.4 115.00 83.00 198.00 OK
r-patched-linux-x86_64 0.3.4 99.44 35.95 135.39 OK
r-release-linux-x86_64 0.3.4 101.12 35.72 136.84 OK
r-release-macos-arm64 0.3.4 54.00 OK
r-release-macos-x86_64 0.3.4 75.00 OK
r-release-windows-x86_64 0.3.4 115.00 91.00 206.00 OK
r-oldrel-macos-arm64 0.3.4 62.00 NOTE
r-oldrel-macos-x86_64 0.3.4 70.00 OK
r-oldrel-windows-ix86+x86_64 0.3.4 297.00 92.00 389.00 OK

Check Details

Version: 0.3.4
Check: installed package size
Result: NOTE
     installed size is 5.9Mb
     sub-directories of 1Mb or more:
     libs 5.6Mb
Flavor: r-oldrel-macos-arm64