CRAN Package Check Results for Package wordcloud

Last updated on 2020-06-01 02:48:21 CEST.

Flavor Version Tinstall Tcheck Ttotal Status Flags
r-devel-linux-x86_64-debian-clang 2.6 18.31 30.99 49.30 OK
r-devel-linux-x86_64-debian-gcc 2.6 15.18 24.03 39.21 OK
r-devel-linux-x86_64-fedora-clang 2.6 75.63 NOTE
r-devel-linux-x86_64-fedora-gcc 2.6 60.63 NOTE
r-devel-windows-ix86+x86_64 2.6 58.00 75.00 133.00 OK
r-patched-linux-x86_64 2.6 15.32 30.70 46.02 OK
r-patched-solaris-x86 2.6 77.90 NOTE
r-release-linux-x86_64 2.6 16.05 30.41 46.46 OK
r-release-osx-x86_64 2.6 NOTE
r-release-windows-ix86+x86_64 2.6 46.00 85.00 131.00 OK
r-oldrel-osx-x86_64 2.6 NOTE
r-oldrel-windows-ix86+x86_64 2.6 59.00 67.00 126.00 OK

Check Details

Version: 2.6
Check: data for non-ASCII characters
Result: NOTE
     Note: found 2 marked UTF-8 strings
Flavors: r-devel-linux-x86_64-fedora-clang, r-devel-linux-x86_64-fedora-gcc, r-patched-solaris-x86, r-release-osx-x86_64, r-oldrel-osx-x86_64