CRAN Package Check Results for Package wordnet

Last updated on 2020-06-02 02:52:04 CEST.

Flavor Version Tinstall Tcheck Ttotal Status Flags
r-devel-linux-x86_64-debian-clang 0.1-14 3.06 39.05 42.11 OK
r-devel-linux-x86_64-debian-gcc 0.1-14 2.71 30.83 33.54 OK
r-devel-linux-x86_64-fedora-clang 0.1-14 62.66 NOTE
r-devel-linux-x86_64-fedora-gcc 0.1-14 54.79 NOTE
r-devel-windows-ix86+x86_64 0.1-14 13.00 68.00 81.00 OK
r-patched-linux-x86_64 0.1-14 3.10 39.12 42.22 OK
r-patched-solaris-x86 0.1-14 76.60 OK
r-release-linux-x86_64 0.1-14 3.12 39.08 42.20 OK
r-release-osx-x86_64 0.1-14 NOTE
r-release-windows-ix86+x86_64 0.1-14 8.00 75.00 83.00 OK
r-oldrel-osx-x86_64 0.1-14 NOTE
r-oldrel-windows-ix86+x86_64 0.1-14 7.00 50.00 57.00 OK

Check Details

Version: 0.1-14
Check: top-level files
Result: NOTE
     possible bashism in configure line 49 (test -a/-o):
     if test ${java_version_maj} -ge 5 || \
     test ${java_version_maj} -eq 1 -a ${java_version_min} -ge 5;
Flavors: r-devel-linux-x86_64-fedora-clang, r-devel-linux-x86_64-fedora-gcc

Version: 0.1-14
Check: whether the namespace can be loaded with stated dependencies
Result: NOTE
    Warning in initDict() :
     cannot find WordNet 'dict' directory: please set the environment variable WNHOME to its parent
    
    A namespace must be able to be loaded with just the base namespace
    loaded: otherwise if the namespace gets loaded by a saved object, the
    session will be unable to start.
    
    Probably some imports need to be declared in the NAMESPACE file.
Flavors: r-release-osx-x86_64, r-oldrel-osx-x86_64