CRAN Package Check Results for Package xpose.nlmixr

Last updated on 2021-11-29 02:48:47 CET.

Flavor Version Tinstall Tcheck Ttotal Status Flags
r-devel-linux-x86_64-debian-clang 0.2.0 OK
r-devel-linux-x86_64-debian-gcc 0.2.0 6.78 60.48 67.26 OK
r-devel-linux-x86_64-fedora-clang 0.2.0 116.05 NOTE
r-devel-linux-x86_64-fedora-gcc 0.2.0 103.83 NOTE
r-devel-windows-x86_64-new-UL 0.2.0 23.00 120.00 143.00 OK
r-devel-windows-x86_64-new-TK 0.2.0 NOTE
r-devel-windows-x86_64-old 0.2.0 15.00 107.00 122.00 OK
r-patched-linux-x86_64 0.2.0 9.39 69.49 78.88 OK
r-patched-solaris-x86 0.2.0 149.90 NOTE
r-release-linux-x86_64 0.2.0 9.18 69.91 79.09 OK
r-release-macos-arm64 0.2.0 NOTE
r-release-macos-x86_64 0.2.0 NOTE
r-release-windows-ix86+x86_64 0.2.0 25.00 78.00 103.00 OK
r-oldrel-macos-x86_64 0.2.0 NOTE
r-oldrel-windows-ix86+x86_64 0.2.0 24.00 101.00 125.00 OK

Check Details

Version: 0.2.0
Check: dependencies in R code
Result: NOTE
    Namespace in Imports field not imported from: ‘methods’
     All declared Imports should be used.
Flavors: r-devel-linux-x86_64-fedora-clang, r-devel-linux-x86_64-fedora-gcc, r-devel-windows-x86_64-new-TK, r-patched-solaris-x86, r-release-macos-arm64, r-release-macos-x86_64, r-oldrel-macos-x86_64

Version: 0.2.0
Check: Rd cross-references
Result: NOTE
    Undeclared package ‘readr’ in Rd xrefs
Flavor: r-devel-linux-x86_64-fedora-clang