CRAN Package Check Results for Package yatah

Last updated on 2020-11-26 02:49:43 CET.

Flavor Version Tinstall Tcheck Ttotal Status Flags
r-devel-linux-x86_64-debian-clang 0.1.0 4.47 47.12 51.59 OK
r-devel-linux-x86_64-debian-gcc 0.1.0 4.02 37.80 41.82 OK
r-devel-linux-x86_64-fedora-clang 0.1.0 61.38 OK
r-devel-linux-x86_64-fedora-gcc 0.1.0 54.16 OK
r-devel-windows-ix86+x86_64 0.1.0 8.00 61.00 69.00 OK
r-patched-linux-x86_64 0.1.0 3.92 47.30 51.22 OK
r-patched-solaris-x86 0.1.0 80.20 OK
r-release-linux-x86_64 0.1.0 4.22 46.82 51.04 OK
r-release-macos-x86_64 0.1.0 WARN
r-release-windows-ix86+x86_64 0.1.0 9.00 50.00 59.00 OK
r-oldrel-macos-x86_64 0.1.0 OK
r-oldrel-windows-ix86+x86_64 0.1.0 7.00 62.00 69.00 OK

Check Details

Version: 0.1.0
Check: package dependencies
Result: NOTE
    Package suggested but not available for checking: ‘ggtree’
Flavor: r-release-macos-x86_64

Version: 0.1.0
Check: re-building of vignette outputs
Result: WARN
    Error(s) in re-building vignettes:
     ...
    --- re-building ‘gammaproteobacteria.Rmd’ using rmarkdown
    Warning in engine$weave(file, quiet = quiet, encoding = enc) :
     Pandoc (>= 1.12.3) and/or pandoc-citeproc not available. Falling back to R Markdown v1.
    Quitting from lines 24-27 (gammaproteobacteria.Rmd)
    Error: processing vignette 'gammaproteobacteria.Rmd' failed with diagnostics:
    there is no package called 'ggtree'
    --- failed re-building ‘gammaproteobacteria.Rmd’
    
    SUMMARY: processing the following file failed:
     ‘gammaproteobacteria.Rmd’
    
    Error: Vignette re-building failed.
    Execution halted
Flavor: r-release-macos-x86_64