CRAN Package Check Results for Package yhat

Last updated on 2022-12-07 02:52:01 CET.

Flavor Version Tinstall Tcheck Ttotal Status Flags
r-devel-linux-x86_64-debian-clang 2.0-3 3.48 48.92 52.40 NOTE
r-devel-linux-x86_64-debian-gcc 2.0-3 2.92 36.40 39.32 NOTE
r-devel-linux-x86_64-fedora-clang 2.0-3 74.62 NOTE
r-devel-linux-x86_64-fedora-gcc 2.0-3 72.81 NOTE
r-devel-windows-x86_64 2.0-3 15.00 78.00 93.00 NOTE
r-patched-linux-x86_64 2.0-3 4.40 46.69 51.09 NOTE
r-release-linux-x86_64 2.0-3 3.98 46.52 50.50 NOTE
r-release-macos-arm64 2.0-3 22.00 NOTE
r-release-macos-x86_64 2.0-3 29.00 NOTE
r-release-windows-x86_64 2.0-3 10.00 77.00 87.00 NOTE
r-oldrel-macos-arm64 2.0-3 25.00 NOTE
r-oldrel-macos-x86_64 2.0-3 38.00 NOTE
r-oldrel-windows-ix86+x86_64 2.0-3 8.00 73.00 81.00 NOTE

Check Details

Version: 2.0-3
Check: LazyData
Result: NOTE
     'LazyData' is specified without a 'data' directory
Flavors: r-devel-linux-x86_64-debian-clang, r-devel-linux-x86_64-debian-gcc, r-devel-linux-x86_64-fedora-clang, r-devel-linux-x86_64-fedora-gcc, r-devel-windows-x86_64, r-patched-linux-x86_64, r-release-linux-x86_64, r-release-macos-arm64, r-release-macos-x86_64, r-release-windows-x86_64, r-oldrel-macos-arm64, r-oldrel-macos-x86_64, r-oldrel-windows-ix86+x86_64