CRAN Package Check Results for Package zipfR

Last updated on 2020-06-02 02:52:04 CEST.

Flavor Version Tinstall Tcheck Ttotal Status Flags
r-devel-linux-x86_64-debian-clang 0.6-66 8.61 79.30 87.91 OK
r-devel-linux-x86_64-debian-gcc 0.6-66 7.79 63.70 71.49 OK
r-devel-linux-x86_64-fedora-clang 0.6-66 130.85 NOTE
r-devel-linux-x86_64-fedora-gcc 0.6-66 111.65 NOTE
r-devel-windows-ix86+x86_64 0.6-66 20.00 149.00 169.00 OK
r-patched-linux-x86_64 0.6-66 9.07 76.52 85.59 OK
r-patched-solaris-x86 0.6-66 153.20 NOTE
r-release-linux-x86_64 0.6-66 8.26 76.49 84.75 OK
r-release-osx-x86_64 0.6-66 NOTE
r-release-windows-ix86+x86_64 0.6-66 16.00 134.00 150.00 OK
r-oldrel-osx-x86_64 0.6-66 NOTE
r-oldrel-windows-ix86+x86_64 0.6-66 13.00 87.00 100.00 OK

Check Details

Version: 0.6-66
Check: data for non-ASCII characters
Result: NOTE
     Note: found 146804 marked UTF-8 strings
Flavors: r-devel-linux-x86_64-fedora-clang, r-devel-linux-x86_64-fedora-gcc, r-patched-solaris-x86, r-release-osx-x86_64, r-oldrel-osx-x86_64