Last updated on 2023-03-31 03:52:56 CEST.
Flavor | Version | Tinstall | Tcheck | Ttotal | Status | Flags |
---|---|---|---|---|---|---|
r-devel-linux-x86_64-debian-clang | 1.1.0 | 140.71 | 138.84 | 279.55 | NOTE | |
r-devel-linux-x86_64-debian-gcc | 1.1.0 | 123.33 | 113.03 | 236.36 | NOTE | |
r-devel-linux-x86_64-fedora-clang | 1.1.0 | 425.91 | NOTE | |||
r-devel-linux-x86_64-fedora-gcc | 1.1.0 | 451.48 | NOTE | |||
r-patched-linux-x86_64 | 1.1.0 | 131.58 | 134.19 | 265.77 | NOTE | |
r-release-linux-x86_64 | 1.1.0 | 111.86 | 132.33 | 244.19 | NOTE | |
r-release-macos-arm64 | 1.1.0 | 103.00 | NOTE | |||
r-release-macos-x86_64 | 1.1.0 | 189.00 | NOTE | |||
r-release-windows-x86_64 | 1.1.0 | 656.00 | 263.00 | 919.00 | NOTE | |
r-oldrel-macos-arm64 | 1.1.0 | 106.00 | NOTE | |||
r-oldrel-macos-x86_64 | 1.1.0 | 148.00 | NOTE | |||
r-oldrel-windows-ix86+x86_64 | 1.1.0 | 322.00 | 273.00 | 595.00 | NOTE |
Version: 1.1.0
Check: for GNU extensions in Makefiles
Result: NOTE
GNU make is a SystemRequirements.
Flavors: r-devel-linux-x86_64-debian-clang, r-devel-linux-x86_64-debian-gcc, r-devel-linux-x86_64-fedora-clang, r-devel-linux-x86_64-fedora-gcc, r-patched-linux-x86_64, r-release-linux-x86_64, r-release-macos-arm64, r-release-macos-x86_64, r-release-windows-x86_64, r-oldrel-macos-arm64, r-oldrel-macos-x86_64, r-oldrel-windows-ix86+x86_64
Version: 1.1.0
Check: dependencies in R code
Result: NOTE
Namespaces in Imports field not imported from:
‘RcppParallel’ ‘rstantools’
All declared Imports should be used.
Flavors: r-devel-linux-x86_64-fedora-clang, r-devel-linux-x86_64-fedora-gcc, r-release-macos-arm64, r-release-macos-x86_64, r-oldrel-macos-arm64, r-oldrel-macos-x86_64
Version: 1.1.0
Check: Rd cross-references
Result: NOTE
Undeclared package ‘loo’ in Rd xrefs
Flavor: r-devel-linux-x86_64-fedora-clang
Version: 1.1.0
Check: installed package size
Result: NOTE
installed size is 35.8Mb
sub-directories of 1Mb or more:
libs 35.3Mb
Flavors: r-release-macos-arm64, r-release-macos-x86_64, r-oldrel-macos-arm64, r-oldrel-macos-x86_64