CRAN Package Check Results for Package AEDForecasting

Last updated on 2022-01-29 02:49:40 CET.

Flavor Version Tinstall Tcheck Ttotal Status Flags
r-devel-linux-x86_64-debian-clang 0.20.0 2.61 35.95 38.56 NOTE
r-devel-linux-x86_64-debian-gcc 0.20.0 1.76 26.68 28.44 NOTE
r-devel-linux-x86_64-fedora-clang 0.20.0 46.34 NOTE
r-devel-linux-x86_64-fedora-gcc 0.20.0 33.74 NOTE
r-devel-windows-x86_64-new-UL 0.20.0 31.00 54.00 85.00 NOTE
r-devel-windows-x86_64-new-TK 0.20.0 NOTE
r-patched-linux-x86_64 0.20.0 1.70 33.36 35.06 NOTE
r-release-linux-x86_64 0.20.0 1.78 33.74 35.52 NOTE
r-release-macos-arm64 0.20.0 NOTE
r-release-macos-x86_64 0.20.0 NOTE
r-release-windows-ix86+x86_64 0.20.0 5.00 44.00 49.00 NOTE
r-oldrel-macos-x86_64 0.20.0 OK
r-oldrel-windows-ix86+x86_64 0.20.0 5.00 44.00 49.00 OK

Check Details

Version: 0.20.0
Check: LazyData
Result: NOTE
     'LazyData' is specified without a 'data' directory
Flavors: r-devel-linux-x86_64-debian-clang, r-devel-linux-x86_64-debian-gcc, r-devel-linux-x86_64-fedora-clang, r-devel-linux-x86_64-fedora-gcc, r-devel-windows-x86_64-new-UL, r-devel-windows-x86_64-new-TK, r-patched-linux-x86_64, r-release-linux-x86_64, r-release-macos-arm64, r-release-macos-x86_64, r-release-windows-ix86+x86_64