CRAN Package Check Results for Package AICcmodavg

Last updated on 2021-12-04 02:48:34 CET.

Flavor Version Tinstall Tcheck Ttotal Status Flags
r-devel-linux-x86_64-debian-clang 2.3-1 87.60 565.97 653.57 OK
r-devel-linux-x86_64-debian-gcc 2.3-1 78.94 412.18 491.12 OK
r-devel-linux-x86_64-fedora-clang 2.3-1 806.21 NOTE
r-devel-linux-x86_64-fedora-gcc 2.3-1 893.46 OK
r-devel-windows-x86_64-new-UL 2.3-1 150.00 607.00 757.00 OK
r-devel-windows-x86_64-new-TK 2.3-1 OK
r-devel-windows-x86_64-old 2.3-1 143.00 495.00 638.00 OK
r-patched-linux-x86_64 2.3-1 94.37 546.15 640.52 OK
r-release-linux-x86_64 2.3-1 86.67 550.62 637.29 OK
r-release-macos-arm64 2.3-1 NOTE
r-release-macos-x86_64 2.3-1 OK
r-release-windows-ix86+x86_64 2.3-1 169.00 589.00 758.00 OK
r-oldrel-macos-x86_64 2.3-1 OK
r-oldrel-windows-ix86+x86_64 2.3-1 169.00 597.00 766.00 OK

Check Details

Version: 2.3-1
Check: Rd cross-references
Result: NOTE
    Undeclared packages ‘multcomp’, ‘gmodels’ in Rd xrefs
Flavor: r-devel-linux-x86_64-fedora-clang

Version: 2.3-1
Check: package dependencies
Result: NOTE
    Packages suggested but not available for checking: 'R2jags', 'jagsUI'
Flavor: r-release-macos-arm64