CRAN Package Check Results for Package AMModels

Last updated on 2022-01-28 02:50:51 CET.

Flavor Version Tinstall Tcheck Ttotal Status Flags
r-devel-linux-x86_64-debian-clang 0.1.4 39.57 289.20 328.77 OK
r-devel-linux-x86_64-debian-gcc 0.1.4 34.25 216.98 251.23 OK
r-devel-linux-x86_64-fedora-clang 0.1.4 376.36 OK
r-devel-linux-x86_64-fedora-gcc 0.1.4 398.99 OK
r-devel-windows-x86_64-new-UL 0.1.4 70.00 280.00 350.00 OK
r-devel-windows-x86_64-new-TK 0.1.4 ERROR
r-patched-linux-x86_64 0.1.4 39.06 263.35 302.41 OK
r-release-linux-x86_64 0.1.4 33.38 259.91 293.29 OK
r-release-macos-arm64 0.1.4 OK
r-release-macos-x86_64 0.1.4 OK
r-release-windows-ix86+x86_64 0.1.4 76.00 282.00 358.00 OK
r-oldrel-macos-x86_64 0.1.4 NOTE
r-oldrel-windows-ix86+x86_64 0.1.4 78.00 300.00 378.00 OK

Check Details

Version: 0.1.4
Check: package dependencies
Result: ERROR
    Package required but not available: 'unmarked'
    
    Package suggested but not available for checking: 'AICcmodavg'
    
    See section 'The DESCRIPTION file' in the 'Writing R Extensions'
    manual.
Flavor: r-devel-windows-x86_64-new-TK

Version: 0.1.4
Check: package dependencies
Result: NOTE
    Package suggested but not available for checking: ‘AICcmodavg’
Flavor: r-oldrel-macos-x86_64