CRAN Package Check Results for Package APCI

Last updated on 2021-06-23 02:50:43 CEST.

Flavor Version Tinstall Tcheck Ttotal Status Flags
r-devel-linux-x86_64-debian-clang 0.1.0 6.72 64.58 71.30 OK
r-devel-linux-x86_64-debian-gcc 0.1.0 5.91 47.94 53.85 OK
r-devel-linux-x86_64-fedora-clang 0.1.0 95.38 NOTE
r-devel-linux-x86_64-fedora-gcc 0.1.0 82.54 NOTE
r-devel-windows-x86_64 0.1.0 12.00 81.00 93.00 OK
r-devel-windows-x86_64-gcc10-UCRT 0.1.0 ERROR
r-patched-linux-x86_64 0.1.0 6.96 62.03 68.99 OK
r-patched-solaris-x86 0.1.0 120.30 NOTE
r-release-linux-x86_64 0.1.0 6.79 60.98 67.77 OK
r-release-macos-arm64 0.1.0 NOTE
r-release-macos-x86_64 0.1.0 NOTE
r-release-windows-ix86+x86_64 0.1.0 12.00 62.00 74.00 OK
r-oldrel-macos-x86_64 0.1.0 NOTE

Check Details

Version: 0.1.0
Check: dependencies in R code
Result: NOTE
    Namespaces in Imports field not imported from:
     ‘haven’ ‘tidyverse’
     All declared Imports should be used.
Flavors: r-devel-linux-x86_64-fedora-clang, r-devel-linux-x86_64-fedora-gcc, r-patched-solaris-x86, r-release-macos-arm64, r-release-macos-x86_64, r-oldrel-macos-x86_64

Version: 0.1.0
Check: package dependencies
Result: ERROR
    Packages required but not available: 'tidyverse', 'ggpubr'
    
    See section 'The DESCRIPTION file' in the 'Writing R Extensions'
    manual.
Flavor: r-devel-windows-x86_64-gcc10-UCRT