CRAN Package Check Results for Package APIS

Last updated on 2022-06-29 02:55:04 CEST.

Flavor Version Tinstall Tcheck Ttotal Status Flags
r-devel-linux-x86_64-debian-clang 1.0.1 7.30 85.33 92.63 OK
r-devel-linux-x86_64-debian-gcc 1.0.1 6.12 63.50 69.62 OK
r-devel-linux-x86_64-fedora-clang 1.0.1 120.76 NOTE
r-devel-linux-x86_64-fedora-gcc 1.0.1 116.94 NOTE
r-devel-windows-x86_64 1.0.1 20.00 164.00 184.00 OK
r-patched-linux-x86_64 1.0.1 8.51 80.53 89.04 OK
r-release-linux-x86_64 1.0.1 7.59 79.71 87.30 OK
r-release-macos-arm64 1.0.1 62.00 OK
r-release-macos-x86_64 1.0.1 73.00 OK
r-release-windows-x86_64 1.0.1 20.00 158.00 178.00 OK
r-oldrel-macos-arm64 1.0.1 61.00 OK
r-oldrel-macos-x86_64 1.0.1 106.00 OK
r-oldrel-windows-ix86+x86_64 1.0.1 22.00 197.00 219.00 OK

Check Details

Version: 1.0.1
Check: compiled code
Result: NOTE
    File ‘APIS/libs/APIS.so’:
     Found no calls to: ‘R_registerRoutines’, ‘R_useDynamicSymbols’
    
    It is good practice to register native routines and to disable symbol
    search.
    
    See ‘Writing portable packages’ in the ‘Writing R Extensions’ manual.
Flavors: r-devel-linux-x86_64-fedora-clang, r-devel-linux-x86_64-fedora-gcc