CRAN Package Check Results for Package AntAngioCOOL

Last updated on 2022-06-29 02:55:04 CEST.

Flavor Version Tinstall Tcheck Ttotal Status Flags
r-devel-linux-x86_64-debian-clang 1.2 66.29 267.82 334.11 OK
r-devel-linux-x86_64-debian-gcc 1.2 55.62 195.31 250.93 OK
r-devel-linux-x86_64-fedora-clang 1.2 413.29 NOTE
r-devel-linux-x86_64-fedora-gcc 1.2 416.30 OK
r-devel-windows-x86_64 1.2 64.00 237.00 301.00 NOTE
r-patched-linux-x86_64 1.2 50.85 255.96 306.81 OK
r-release-linux-x86_64 1.2 54.22 259.87 314.09 OK
r-release-macos-arm64 1.2 103.00 NOTE
r-release-macos-x86_64 1.2 227.00 NOTE
r-release-windows-x86_64 1.2 66.00 235.00 301.00 NOTE
r-oldrel-macos-arm64 1.2 139.00 NOTE
r-oldrel-macos-x86_64 1.2 244.00 NOTE
r-oldrel-windows-ix86+x86_64 1.2 129.00 251.00 380.00 NOTE

Check Details

Version: 1.2
Check: installed package size
Result: NOTE
     installed size is 35.4Mb
     sub-directories of 1Mb or more:
     R 35.3Mb
Flavors: r-devel-linux-x86_64-fedora-clang, r-devel-windows-x86_64, r-release-macos-arm64, r-release-macos-x86_64, r-release-windows-x86_64, r-oldrel-macos-arm64, r-oldrel-macos-x86_64, r-oldrel-windows-ix86+x86_64