Last updated on 2022-07-04 02:53:25 CEST.
Flavor | Version | Tinstall | Tcheck | Ttotal | Status | Flags |
---|---|---|---|---|---|---|
r-devel-linux-x86_64-debian-clang | 2.0.3 | 13.23 | 121.57 | 134.80 | OK | |
r-devel-linux-x86_64-debian-gcc | 2.0.3 | 10.91 | 93.06 | 103.97 | OK | |
r-devel-linux-x86_64-fedora-clang | 2.0.3 | 172.59 | NOTE | |||
r-devel-linux-x86_64-fedora-gcc | 2.0.3 | 170.26 | OK | |||
r-devel-windows-x86_64 | 2.0.3 | 48.00 | 153.00 | 201.00 | NOTE | |
r-patched-linux-x86_64 | 2.0.3 | 13.03 | 116.47 | 129.50 | OK | |
r-release-linux-x86_64 | 2.0.3 | 12.68 | 119.53 | 132.21 | OK | |
r-release-macos-arm64 | 2.0.3 | 45.00 | NOTE | |||
r-release-macos-x86_64 | 2.0.3 | 72.00 | NOTE | |||
r-release-windows-x86_64 | 2.0.3 | 48.00 | 153.00 | 201.00 | NOTE | |
r-oldrel-macos-arm64 | 2.0.3 | 52.00 | NOTE | |||
r-oldrel-macos-x86_64 | 2.0.3 | 67.00 | NOTE | |||
r-oldrel-windows-ix86+x86_64 | 2.0.3 | 29.00 | 140.00 | 169.00 | NOTE |
Version: 2.0.3
Check: installed package size
Result: NOTE
installed size is 5.2Mb
sub-directories of 1Mb or more:
data 5.0Mb
Flavors: r-devel-linux-x86_64-fedora-clang, r-devel-windows-x86_64, r-release-macos-arm64, r-release-macos-x86_64, r-release-windows-x86_64, r-oldrel-macos-arm64, r-oldrel-macos-x86_64, r-oldrel-windows-ix86+x86_64