CRAN Package Check Results for Package AzureKusto

Last updated on 2021-08-04 02:49:46 CEST.

Flavor Version Tinstall Tcheck Ttotal Status Flags
r-devel-linux-x86_64-debian-clang 1.0.6 11.20 65.16 76.36 OK
r-devel-linux-x86_64-debian-gcc 1.0.6 8.52 48.52 57.04 OK
r-devel-linux-x86_64-fedora-clang 1.0.6 102.01 NOTE
r-devel-linux-x86_64-fedora-gcc 1.0.6 86.95 NOTE
r-devel-windows-x86_64 1.0.6 13.00 72.00 85.00 OK
r-devel-windows-x86_64-gcc10-UCRT 1.0.6 NOTE
r-patched-linux-x86_64 1.0.6 17.44 60.83 78.27 OK
r-patched-solaris-x86 1.0.6 116.50 NOTE
r-release-linux-x86_64 1.0.6 10.35 60.93 71.28 OK
r-release-macos-arm64 1.0.6 NOTE
r-release-macos-x86_64 1.0.6 NOTE
r-release-windows-ix86+x86_64 1.0.6 23.00 81.00 104.00 OK
r-oldrel-macos-x86_64 1.0.6 NOTE
r-oldrel-windows-ix86+x86_64 1.0.6 17.00 82.00 99.00 OK

Check Details

Version: 1.0.6
Check: dependencies in R code
Result: NOTE
    Namespace in Imports field not imported from: ‘tibble’
     All declared Imports should be used.
Flavors: r-devel-linux-x86_64-fedora-clang, r-devel-linux-x86_64-fedora-gcc, r-devel-windows-x86_64-gcc10-UCRT, r-patched-solaris-x86, r-release-macos-arm64, r-release-macos-x86_64, r-oldrel-macos-x86_64