CRAN Package Check Results for Package BACprior

Last updated on 2021-09-22 02:49:04 CEST.

Flavor Version Tinstall Tcheck Ttotal Status Flags
r-devel-linux-x86_64-debian-clang 2.0 1.97 34.05 36.02 NOTE
r-devel-linux-x86_64-debian-gcc 2.0 1.78 25.11 26.89 NOTE
r-devel-linux-x86_64-fedora-clang 2.0 50.23 NOTE
r-devel-linux-x86_64-fedora-gcc 2.0 39.29 NOTE
r-devel-windows-x86_64 2.0 3.00 38.00 41.00 NOTE
r-devel-windows-x86_64-gcc10-UCRT 2.0 ERROR
r-patched-linux-x86_64 2.0 2.36 33.73 36.09 NOTE
r-patched-solaris-x86 2.0 60.40 NOTE
r-release-linux-x86_64 2.0 2.06 32.74 34.80 NOTE
r-release-macos-arm64 2.0 NOTE
r-release-macos-x86_64 2.0 NOTE
r-release-windows-ix86+x86_64 2.0 5.00 50.00 55.00 NOTE
r-oldrel-macos-x86_64 2.0 NOTE
r-oldrel-windows-ix86+x86_64 2.0 5.00 38.00 43.00 NOTE

Check Details

Version: 2.0
Check: R code for possible problems
Result: NOTE
    BACprior.CV: no visible global function definition for 'na.fail'
    BACprior.CV: no visible global function definition for 'abline'
    BACprior.boot: no visible global function definition for 'na.fail'
    BACprior.boot: no visible global function definition for 'abline'
    BACprior.lm: no visible global function definition for 'na.fail'
    BACprior.lm: no visible global function definition for 'coef'
    BACprior.lm: no visible global function definition for 'vcov'
    Undefined global functions or variables:
     abline coef na.fail vcov
    Consider adding
     importFrom("graphics", "abline")
     importFrom("stats", "coef", "na.fail", "vcov")
    to your NAMESPACE file.
Flavors: r-devel-linux-x86_64-debian-clang, r-devel-linux-x86_64-debian-gcc, r-devel-linux-x86_64-fedora-clang, r-devel-linux-x86_64-fedora-gcc, r-devel-windows-x86_64, r-devel-windows-x86_64-gcc10-UCRT, r-patched-linux-x86_64, r-patched-solaris-x86, r-release-linux-x86_64, r-release-macos-arm64, r-release-macos-x86_64, r-release-windows-ix86+x86_64, r-oldrel-macos-x86_64, r-oldrel-windows-ix86+x86_64

Version: 2.0
Check: whether package can be installed
Result: WARN
    Found the following significant warnings:
     WARNING: installation-time patches will not be applied, could not get the patches index
Flavor: r-devel-windows-x86_64-gcc10-UCRT

Version: 2.0
Check: PDF version of manual
Result: WARN
    LaTeX errors when creating PDF version.
    This typically indicates Rd problems.
Flavor: r-devel-windows-x86_64-gcc10-UCRT

Version: 2.0
Check: PDF version of manual without hyperrefs or index
Result: ERROR
    Re-running with no redirection of stdout/stderr.
Flavor: r-devel-windows-x86_64-gcc10-UCRT