Last updated on 2022-05-23 02:53:32 CEST.
Flavor | Version | Tinstall | Tcheck | Ttotal | Status | Flags |
---|---|---|---|---|---|---|
r-devel-linux-x86_64-debian-clang | 2.67 | 55.01 | 73.24 | 128.25 | OK | |
r-devel-linux-x86_64-debian-gcc | 2.67 | 49.05 | 55.10 | 104.15 | OK | |
r-devel-linux-x86_64-fedora-clang | 2.67 | 164.53 | NOTE | |||
r-devel-linux-x86_64-fedora-gcc | 2.67 | 170.33 | OK | |||
r-devel-windows-x86_64 | 2.67 | 61.00 | 120.00 | 181.00 | OK | |
r-patched-linux-x86_64 | 2.67 | 58.04 | 68.03 | 126.07 | OK | |
r-release-linux-x86_64 | 2.67 | 51.14 | 70.56 | 121.70 | OK | |
r-release-macos-arm64 | 2.67 | 42.00 | NOTE | |||
r-release-macos-x86_64 | 2.67 | 63.00 | NOTE | |||
r-release-windows-x86_64 | 2.67 | 71.00 | 116.00 | 187.00 | OK | |
r-oldrel-macos-arm64 | 2.67 | 44.00 | NOTE | |||
r-oldrel-macos-x86_64 | 2.67 | 59.00 | NOTE | |||
r-oldrel-windows-ix86+x86_64 | 2.67 | 107.00 | 105.00 | 212.00 | OK |
Version: 2.67
Check: installed package size
Result: NOTE
installed size is 5.3Mb
sub-directories of 1Mb or more:
doc 1.8Mb
libs 2.8Mb
Flavors: r-devel-linux-x86_64-fedora-clang, r-release-macos-arm64, r-release-macos-x86_64, r-oldrel-macos-arm64, r-oldrel-macos-x86_64