CRAN Package Check Results for Package BSL

Last updated on 2022-07-02 02:52:58 CEST.

Flavor Version Tinstall Tcheck Ttotal Status Flags
r-devel-linux-x86_64-debian-clang 3.2.4 50.61 141.15 191.76 WARN
r-devel-linux-x86_64-debian-gcc 3.2.4 43.20 103.04 146.24 OK
r-devel-linux-x86_64-fedora-clang 3.2.4 253.19 WARN
r-devel-linux-x86_64-fedora-gcc 3.2.4 239.84 NOTE
r-devel-windows-x86_64 3.2.4 67.00 179.00 246.00 OK
r-patched-linux-x86_64 3.2.4 46.30 131.47 177.77 OK
r-release-linux-x86_64 3.2.4 50.32 129.56 179.88 OK
r-release-macos-arm64 3.2.4 60.00 NOTE
r-release-macos-x86_64 3.2.4 121.00 NOTE
r-release-windows-x86_64 3.2.4 68.00 177.00 245.00 OK
r-oldrel-macos-arm64 3.2.4 51.00 NOTE
r-oldrel-macos-x86_64 3.2.4 88.00 NOTE
r-oldrel-windows-ix86+x86_64 3.2.4 135.00 218.00 353.00 OK

Additional issues

clang14

Check Details

Version: 3.2.4
Check: whether package can be installed
Result: WARN
    Found the following significant warnings:
     simulate_toad.cpp:155:17: warning: use of bitwise '|' with boolean operands [-Wbitwise-instead-of-logical]
     simulate_toad.cpp:182:17: warning: use of bitwise '|' with boolean operands [-Wbitwise-instead-of-logical]
Flavors: r-devel-linux-x86_64-debian-clang, r-devel-linux-x86_64-fedora-clang

Version: 3.2.4
Check: dependencies in R code
Result: NOTE
    Namespace in Imports field not imported from: ‘DBI’
     All declared Imports should be used.
Flavors: r-devel-linux-x86_64-fedora-clang, r-devel-linux-x86_64-fedora-gcc, r-release-macos-arm64, r-release-macos-x86_64, r-oldrel-macos-arm64, r-oldrel-macos-x86_64