CRAN Package Check Results for Package BVAR

Last updated on 2021-09-22 02:49:06 CEST.

Flavor Version Tinstall Tcheck Ttotal Status Flags
r-devel-linux-x86_64-debian-clang 1.0.1 5.78 220.47 226.25 OK
r-devel-linux-x86_64-debian-gcc 1.0.1 4.05 161.07 165.12 OK
r-devel-linux-x86_64-fedora-clang 1.0.1 274.55 OK
r-devel-linux-x86_64-fedora-gcc 1.0.1 262.68 OK
r-devel-windows-x86_64 1.0.1 7.00 194.00 201.00 OK
r-devel-windows-x86_64-gcc10-UCRT 1.0.1 ERROR
r-patched-linux-x86_64 1.0.1 6.39 214.63 221.02 OK
r-patched-solaris-x86 1.0.1 398.40 OK
r-release-linux-x86_64 1.0.1 4.70 210.20 214.90 OK
r-release-macos-arm64 1.0.1 OK
r-release-macos-x86_64 1.0.1 OK
r-release-windows-ix86+x86_64 1.0.1 10.00 265.00 275.00 OK
r-oldrel-macos-x86_64 1.0.1 OK
r-oldrel-windows-ix86+x86_64 1.0.1 11.00 211.00 222.00 OK

Check Details

Version: 1.0.1
Check: whether package can be installed
Result: WARN
    Found the following significant warnings:
     WARNING: installation-time patches will not be applied, could not get the patches index
Flavor: r-devel-windows-x86_64-gcc10-UCRT

Version: 1.0.1
Check: PDF version of manual
Result: WARN
    LaTeX errors when creating PDF version.
    This typically indicates Rd problems.
Flavor: r-devel-windows-x86_64-gcc10-UCRT

Version: 1.0.1
Check: PDF version of manual without hyperrefs or index
Result: ERROR
    Re-running with no redirection of stdout/stderr.
Flavor: r-devel-windows-x86_64-gcc10-UCRT