CRAN Package Check Results for Package BVSNLP

Last updated on 2022-06-29 02:55:05 CEST.

Flavor Version Tinstall Tcheck Ttotal Status Flags
r-devel-linux-x86_64-debian-clang 1.1.9 73.72 42.03 115.75 NOTE
r-devel-linux-x86_64-debian-gcc 1.1.9 70.08 33.04 103.12 NOTE
r-devel-linux-x86_64-fedora-clang 1.1.9 179.43 NOTE
r-devel-linux-x86_64-fedora-gcc 1.1.9 170.97 NOTE
r-devel-windows-x86_64 1.1.9 57.00 95.00 152.00 NOTE
r-patched-linux-x86_64 1.1.9 75.99 43.07 119.06 NOTE
r-release-linux-x86_64 1.1.9 70.86 42.38 113.24 NOTE
r-release-macos-arm64 1.1.9 47.00 NOTE
r-release-macos-x86_64 1.1.9 56.00 NOTE
r-release-windows-x86_64 1.1.9 59.00 94.00 153.00 NOTE
r-oldrel-macos-arm64 1.1.9 53.00 NOTE
r-oldrel-macos-x86_64 1.1.9 84.00 NOTE
r-oldrel-windows-ix86+x86_64 1.1.9 174.00 111.00 285.00 NOTE

Check Details

Version: 1.1.9
Check: LazyData
Result: NOTE
     'LazyData' is specified without a 'data' directory
Flavors: r-devel-linux-x86_64-debian-clang, r-devel-linux-x86_64-debian-gcc, r-devel-linux-x86_64-fedora-clang, r-devel-linux-x86_64-fedora-gcc, r-devel-windows-x86_64, r-patched-linux-x86_64, r-release-linux-x86_64, r-release-macos-arm64, r-release-macos-x86_64, r-release-windows-x86_64, r-oldrel-macos-arm64, r-oldrel-macos-x86_64, r-oldrel-windows-ix86+x86_64

Version: 1.1.9
Check: installed package size
Result: NOTE
     installed size is 15.0Mb
     sub-directories of 1Mb or more:
     libs 14.9Mb
Flavors: r-devel-linux-x86_64-fedora-clang, r-release-macos-arm64, r-release-macos-x86_64, r-oldrel-macos-arm64, r-oldrel-macos-x86_64

Version: 1.1.9
Check: package dependencies
Result: NOTE
    Package suggested but not available for checking: ‘doMPI’
Flavors: r-release-macos-arm64, r-release-macos-x86_64, r-oldrel-macos-arm64, r-oldrel-macos-x86_64