Last updated on 2023-02-01 02:52:10 CET.
Flavor | Version | Tinstall | Tcheck | Ttotal | Status | Flags |
---|---|---|---|---|---|---|
r-devel-linux-x86_64-debian-clang | 0.0.17 | 10.56 | 295.60 | 306.16 | OK | |
r-devel-linux-x86_64-debian-gcc | 0.0.17 | 8.43 | 215.68 | 224.11 | OK | |
r-devel-linux-x86_64-fedora-clang | 0.0.17 | 368.25 | OK | |||
r-devel-linux-x86_64-fedora-gcc | 0.0.17 | 375.41 | OK | |||
r-devel-windows-x86_64 | 0.0.17 | 84.00 | 366.00 | 450.00 | OK | |
r-patched-linux-x86_64 | 0.0.17 | 12.11 | 298.66 | 310.77 | OK | |
r-release-linux-x86_64 | 0.0.17 | 10.99 | 296.11 | 307.10 | OK | |
r-release-macos-arm64 | 0.0.17 | 38.00 | NOTE | |||
r-release-macos-x86_64 | 0.0.17 | 138.00 | OK | |||
r-release-windows-x86_64 | 0.0.17 | 91.00 | 341.00 | 432.00 | OK | |
r-oldrel-macos-arm64 | 0.0.17 | 49.00 | NOTE | |||
r-oldrel-macos-x86_64 | 0.0.17 | 59.00 | NOTE | |||
r-oldrel-windows-ix86+x86_64 | 0.0.17 | 21.00 | 336.00 | 357.00 | OK |
Version: 0.0.17
Check: package dependencies
Result: NOTE
Packages suggested but not available for checking:
'Biobase', 'GO.db', 'GSEABase', 'org.Hs.eg.db', 'reactome.db'
Flavor: r-release-macos-arm64
Version: 0.0.17
Check: package dependencies
Result: NOTE
Packages suggested but not available for checking:
'GO.db', 'GSEABase', 'org.Hs.eg.db', 'reactome.db'
Flavor: r-oldrel-macos-arm64
Version: 0.0.17
Check: package dependencies
Result: NOTE
Packages suggested but not available for checking:
'GO.db', 'org.Hs.eg.db', 'reactome.db'
Flavor: r-oldrel-macos-x86_64