Last updated on 2022-07-03 02:50:56 CEST.
Flavor | Version | Tinstall | Tcheck | Ttotal | Status | Flags |
---|---|---|---|---|---|---|
r-devel-linux-x86_64-debian-clang | 0.0.17 | 10.79 | 322.33 | 333.12 | OK | |
r-devel-linux-x86_64-debian-gcc | 0.0.17 | 8.35 | 235.18 | 243.53 | OK | |
r-devel-linux-x86_64-fedora-clang | 0.0.17 | 414.89 | OK | |||
r-devel-linux-x86_64-fedora-gcc | 0.0.17 | 407.69 | OK | |||
r-devel-windows-x86_64 | 0.0.17 | 72.00 | 344.00 | 416.00 | OK | |
r-patched-linux-x86_64 | 0.0.17 | 12.51 | 305.88 | 318.39 | OK | |
r-release-linux-x86_64 | 0.0.17 | 7.01 | 305.55 | 312.56 | OK | |
r-release-macos-arm64 | 0.0.17 | 38.00 | NOTE | |||
r-release-macos-x86_64 | 0.0.17 | 138.00 | OK | |||
r-release-windows-x86_64 | 0.0.17 | 80.00 | 366.00 | 446.00 | OK | |
r-oldrel-macos-arm64 | 0.0.17 | 49.00 | NOTE | |||
r-oldrel-macos-x86_64 | 0.0.17 | 59.00 | NOTE | |||
r-oldrel-windows-ix86+x86_64 | 0.0.17 | 23.00 | 379.00 | 402.00 | OK |
Version: 0.0.17
Check: package dependencies
Result: NOTE
Packages suggested but not available for checking:
'Biobase', 'GO.db', 'GSEABase', 'org.Hs.eg.db', 'reactome.db'
Flavor: r-release-macos-arm64
Version: 0.0.17
Check: package dependencies
Result: NOTE
Packages suggested but not available for checking:
'GO.db', 'GSEABase', 'org.Hs.eg.db', 'reactome.db'
Flavor: r-oldrel-macos-arm64
Version: 0.0.17
Check: package dependencies
Result: NOTE
Packages suggested but not available for checking:
'GO.db', 'org.Hs.eg.db', 'reactome.db'
Flavor: r-oldrel-macos-x86_64