CRAN Package Check Results for Package BayesARIMAX

Last updated on 2022-01-16 02:49:22 CET.

Flavor Version Tinstall Tcheck Ttotal Status Flags
r-devel-linux-x86_64-debian-clang 0.1.1 6.49 70.05 76.54 NOTE
r-devel-linux-x86_64-debian-gcc 0.1.1 5.07 60.27 65.34 NOTE
r-devel-linux-x86_64-fedora-clang 0.1.1 98.34 NOTE
r-devel-linux-x86_64-fedora-gcc 0.1.1 78.87 NOTE
r-devel-windows-x86_64-new-UL 0.1.1 22.00 90.00 112.00 NOTE
r-devel-windows-x86_64-new-TK 0.1.1 NOTE
r-patched-linux-x86_64 0.1.1 5.49 65.45 70.94 NOTE
r-release-linux-x86_64 0.1.1 6.11 65.35 71.46 NOTE
r-release-macos-arm64 0.1.1 NOTE
r-release-macos-x86_64 0.1.1 NOTE
r-release-windows-ix86+x86_64 0.1.1 18.00 102.00 120.00 NOTE
r-oldrel-macos-x86_64 0.1.1 OK
r-oldrel-windows-ix86+x86_64 0.1.1 17.00 66.00 83.00 OK

Check Details

Version: 0.1.1
Check: LazyData
Result: NOTE
     'LazyData' is specified without a 'data' directory
Flavors: r-devel-linux-x86_64-debian-clang, r-devel-linux-x86_64-debian-gcc, r-devel-linux-x86_64-fedora-clang, r-devel-linux-x86_64-fedora-gcc, r-devel-windows-x86_64-new-UL, r-devel-windows-x86_64-new-TK, r-patched-linux-x86_64, r-release-linux-x86_64, r-release-macos-arm64, r-release-macos-x86_64, r-release-windows-ix86+x86_64