Last updated on 2023-06-07 02:59:09 CEST.
Flavor | Version | Tinstall | Tcheck | Ttotal | Status | Flags |
---|---|---|---|---|---|---|
r-devel-linux-x86_64-debian-clang | 0.1.19 | 60.75 | 88.31 | 149.06 | NOTE | |
r-devel-linux-x86_64-debian-gcc | 0.1.19 | 47.18 | 67.85 | 115.03 | NOTE | |
r-devel-linux-x86_64-fedora-clang | 0.1.19 | 209.92 | NOTE | |||
r-devel-linux-x86_64-fedora-gcc | 0.1.19 | 198.10 | NOTE | |||
r-devel-windows-x86_64 | 0.1.19 | 51.00 | 103.00 | 154.00 | NOTE | |
r-patched-linux-x86_64 | 0.1.19 | 41.51 | 84.96 | 126.47 | NOTE | |
r-release-linux-x86_64 | 0.1.19 | 48.09 | 85.45 | 133.54 | NOTE | |
r-release-macos-arm64 | 0.1.19 | 59.00 | NOTE | |||
r-release-macos-x86_64 | 0.1.19 | 95.00 | NOTE | |||
r-release-windows-x86_64 | 0.1.19 | 63.00 | 120.00 | 183.00 | NOTE | |
r-oldrel-macos-arm64 | 0.1.19 | 69.00 | NOTE | |||
r-oldrel-macos-x86_64 | 0.1.19 | 68.00 | NOTE | |||
r-oldrel-windows-x86_64 | 0.1.19 | 60.00 | 114.00 | 174.00 | NOTE |
Version: 0.1.19
Check: LazyData
Result: NOTE
'LazyData' is specified without a 'data' directory
Flavors: r-devel-linux-x86_64-debian-clang, r-devel-linux-x86_64-debian-gcc, r-devel-linux-x86_64-fedora-clang, r-devel-linux-x86_64-fedora-gcc, r-devel-windows-x86_64, r-patched-linux-x86_64, r-release-linux-x86_64, r-release-macos-arm64, r-release-macos-x86_64, r-release-windows-x86_64, r-oldrel-macos-arm64, r-oldrel-macos-x86_64, r-oldrel-windows-x86_64
Version: 0.1.19
Check: dependencies in R code
Result: NOTE
Namespaces in Imports field not imported from:
‘MASS’ ‘MatrixModels’
All declared Imports should be used.
Flavors: r-devel-linux-x86_64-fedora-clang, r-devel-linux-x86_64-fedora-gcc, r-oldrel-macos-arm64, r-oldrel-macos-x86_64