CRAN Package Check Results for Package BayesMallows

Last updated on 2021-09-21 02:48:43 CEST.

Flavor Version Tinstall Tcheck Ttotal Status Flags
r-devel-linux-x86_64-debian-clang 1.0.2 190.36 137.87 328.23 OK
r-devel-linux-x86_64-debian-gcc 1.0.2 120.80 100.89 221.69 OK
r-devel-linux-x86_64-fedora-clang 1.0.2 443.26 NOTE
r-devel-linux-x86_64-fedora-gcc 1.0.2 399.78 OK
r-devel-windows-x86_64 1.0.2 168.00 134.00 302.00 OK
r-devel-windows-x86_64-gcc10-UCRT 1.0.2 ERROR
r-patched-linux-x86_64 1.0.2 147.84 130.01 277.85 OK
r-patched-solaris-x86 1.0.2 389.80 OK
r-release-linux-x86_64 1.0.2 145.82 130.50 276.32 OK
r-release-macos-arm64 1.0.2 NOTE
r-release-macos-x86_64 1.0.2 NOTE
r-release-windows-ix86+x86_64 1.0.2 434.00 276.00 710.00 OK
r-oldrel-macos-x86_64 1.0.2 NOTE
r-oldrel-windows-ix86+x86_64 1.0.2 433.00 287.00 720.00 OK

Check Details

Version: 1.0.2
Check: installed package size
Result: NOTE
     installed size is 7.1Mb
     sub-directories of 1Mb or more:
     doc 1.5Mb
     libs 5.0Mb
Flavors: r-devel-linux-x86_64-fedora-clang, r-release-macos-arm64, r-release-macos-x86_64, r-oldrel-macos-x86_64

Version: 1.0.2
Check: whether package can be installed
Result: ERROR
    Installation failed.
Flavor: r-devel-windows-x86_64-gcc10-UCRT