Last updated on 2023-03-31 03:52:22 CEST.
Flavor | Version | Tinstall | Tcheck | Ttotal | Status | Flags |
---|---|---|---|---|---|---|
r-devel-linux-x86_64-debian-clang | 1.0.0 | 252.62 | 125.14 | 377.76 | NOTE | |
r-devel-linux-x86_64-debian-gcc | 1.0.0 | 255.48 | 107.41 | 362.89 | NOTE | |
r-devel-linux-x86_64-fedora-clang | 1.0.0 | 500.39 | NOTE | |||
r-devel-linux-x86_64-fedora-gcc | 1.0.0 | 585.97 | NOTE | |||
r-devel-windows-x86_64 | 1.0.0 | 243.00 | 205.00 | 448.00 | NOTE | |
r-patched-linux-x86_64 | 1.0.0 | 209.89 | 133.87 | 343.76 | NOTE | |
r-release-linux-x86_64 | 1.0.0 | 208.64 | 128.14 | 336.78 | NOTE | |
r-release-macos-arm64 | 1.0.0 | 150.00 | NOTE | |||
r-release-macos-x86_64 | 1.0.0 | 198.00 | NOTE | |||
r-release-windows-x86_64 | 1.0.0 | 1054.00 | 210.00 | 1264.00 | NOTE | |
r-oldrel-macos-arm64 | 1.0.0 | 148.00 | NOTE | |||
r-oldrel-macos-x86_64 | 1.0.0 | 198.00 | NOTE | |||
r-oldrel-windows-ix86+x86_64 | 1.0.0 | 590.00 | 229.00 | 819.00 | NOTE |
Version: 1.0.0
Check: for GNU extensions in Makefiles
Result: NOTE
GNU make is a SystemRequirements.
Flavors: r-devel-linux-x86_64-debian-clang, r-devel-linux-x86_64-debian-gcc, r-devel-linux-x86_64-fedora-clang, r-devel-linux-x86_64-fedora-gcc, r-devel-windows-x86_64, r-patched-linux-x86_64, r-release-linux-x86_64, r-release-macos-arm64, r-release-macos-x86_64, r-release-windows-x86_64, r-oldrel-macos-arm64, r-oldrel-macos-x86_64, r-oldrel-windows-ix86+x86_64
Version: 1.0.0
Check: installed package size
Result: NOTE
installed size is 7.8Mb
sub-directories of 1Mb or more:
data 4.1Mb
libs 3.1Mb
Flavors: r-devel-linux-x86_64-fedora-clang, r-devel-windows-x86_64, r-release-macos-arm64, r-release-macos-x86_64, r-release-windows-x86_64, r-oldrel-macos-arm64, r-oldrel-macos-x86_64, r-oldrel-windows-ix86+x86_64