CRAN Package Check Results for Package Bolstad2

Last updated on 2021-09-22 02:49:06 CEST.

Flavor Version Tinstall Tcheck Ttotal Status Flags
r-devel-linux-x86_64-debian-clang 1.0-28 3.54 40.84 44.38 NOTE
r-devel-linux-x86_64-debian-gcc 1.0-28 2.92 30.94 33.86 NOTE
r-devel-linux-x86_64-fedora-clang 1.0-28 65.62 NOTE
r-devel-linux-x86_64-fedora-gcc 1.0-28 52.80 NOTE
r-devel-windows-x86_64 1.0-28 5.00 43.00 48.00 NOTE
r-devel-windows-x86_64-gcc10-UCRT 1.0-28 ERROR
r-patched-linux-x86_64 1.0-28 3.29 40.00 43.29 NOTE
r-patched-solaris-x86 1.0-28 73.00 NOTE
r-release-linux-x86_64 1.0-28 3.43 39.52 42.95 NOTE
r-release-macos-arm64 1.0-28 NOTE
r-release-macos-x86_64 1.0-28 NOTE
r-release-windows-ix86+x86_64 1.0-28 8.00 58.00 66.00 NOTE
r-oldrel-macos-x86_64 1.0-28 NOTE
r-oldrel-windows-ix86+x86_64 1.0-28 6.00 56.00 62.00 NOTE

Check Details

Version: 1.0-28
Check: DESCRIPTION meta-information
Result: NOTE
    Malformed Description field: should contain one or more complete sentences.
Flavors: r-devel-linux-x86_64-debian-clang, r-devel-linux-x86_64-debian-gcc, r-devel-linux-x86_64-fedora-clang, r-devel-linux-x86_64-fedora-gcc, r-devel-windows-x86_64, r-devel-windows-x86_64-gcc10-UCRT, r-patched-linux-x86_64, r-patched-solaris-x86, r-release-linux-x86_64, r-release-macos-arm64, r-release-macos-x86_64, r-release-windows-ix86+x86_64, r-oldrel-macos-x86_64, r-oldrel-windows-ix86+x86_64

Version: 1.0-28
Check: R code for possible problems
Result: NOTE
    BayesCPH: no visible global function definition for 'rt'
    BayesCPH: no visible global function definition for 'cov'
    BayesCPH: no visible global function definition for 'dt'
    BayesCPH: no visible global function definition for 'dnorm'
    BayesCPH: no visible global function definition for 'runif'
    BayesCPH: no visible binding for global variable 'sd'
    BayesCPH: no visible global function definition for 'par'
    BayesCPH: no visible global function definition for 'ts'
    BayesCPH: no visible global function definition for 'acf'
    BayesLogistic: no visible global function definition for 'rt'
    BayesLogistic: no visible global function definition for 'cov'
    BayesLogistic: no visible global function definition for 'dt'
    BayesLogistic: no visible global function definition for 'dnorm'
    BayesLogistic: no visible global function definition for 'runif'
    BayesLogistic: no visible binding for global variable 'sd'
    BayesLogistic: no visible global function definition for 'par'
    BayesLogistic: no visible global function definition for 'ts'
    BayesLogistic: no visible global function definition for 'acf'
    BayesPois: no visible global function definition for 'rt'
    BayesPois: no visible global function definition for 'cov'
    BayesPois: no visible global function definition for 'dt'
    BayesPois: no visible global function definition for 'dnorm'
    BayesPois: no visible global function definition for 'runif'
    BayesPois: no visible binding for global variable 'sd'
    BayesPois: no visible global function definition for 'par'
    BayesPois: no visible global function definition for 'ts'
    BayesPois: no visible global function definition for 'acf'
    GelmanRubin: no visible binding for global variable 'var'
    bivnormMH: no visible global function definition for 'runif'
    bivnormMH: no visible global function definition for 'rnorm'
    credInt: no visible global function definition for 'approxfun'
    credInt: no visible global function definition for 'quantile'
    credIntNum: no visible global function definition for 'approxfun'
    credIntSamp: no visible global function definition for 'quantile'
    describe: no visible binding for global variable 'sd'
    describe: no visible binding for global variable 'quantile'
    describe: no visible binding for global variable 'median'
    hierMeanReg: no visible global function definition for 'rnorm'
    hierMeanReg: no visible global function definition for 'rchisq'
    hierMeanReg: no visible global function definition for 'coef'
    hierMeanReg: no visible global function definition for 'lm'
    normGibbs: no visible global function definition for 'rchisq'
    normGibbs: no visible global function definition for 'rnorm'
    normGibbs: no visible global function definition for 'par'
    normGibbs: no visible global function definition for 'ts'
    normGibbs: no visible global function definition for 'hist'
    normGibbs: no visible global function definition for 'sd'
    normGibbs: no visible global function definition for 'dnorm'
    normGibbs: no visible global function definition for 'lines'
    normMixMH: no visible global function definition for 'dnorm'
    normMixMH: no visible global function definition for 'rnorm'
    normMixMH: no visible global function definition for 'runif'
    normMixMH: no visible global function definition for 'par'
    normMixMH: no visible global function definition for 'hist'
    normMixMH: no visible global function definition for 'lines'
    normMixMH: no visible global function definition for 'box'
    pNull: no visible global function definition for 'ecdf'
    pNull: no visible global function definition for 'approxfun'
    pnullNum: no visible global function definition for 'approxfun'
    pnullSamp: no visible global function definition for 'ecdf'
    sintegral: no visible global function definition for 'approx'
    Undefined global functions or variables:
     acf approx approxfun box coef cov dnorm dt ecdf hist lines lm median
     par quantile rchisq rnorm rt runif sd ts var
    Consider adding
     importFrom("graphics", "box", "hist", "lines", "par")
     importFrom("stats", "acf", "approx", "approxfun", "coef", "cov",
     "dnorm", "dt", "ecdf", "lm", "median", "quantile", "rchisq",
     "rnorm", "rt", "runif", "sd", "ts", "var")
    to your NAMESPACE file.
Flavors: r-devel-linux-x86_64-debian-clang, r-devel-linux-x86_64-debian-gcc, r-devel-linux-x86_64-fedora-clang, r-devel-linux-x86_64-fedora-gcc, r-devel-windows-x86_64, r-devel-windows-x86_64-gcc10-UCRT, r-patched-linux-x86_64, r-patched-solaris-x86, r-release-linux-x86_64, r-release-macos-arm64, r-release-macos-x86_64, r-release-windows-ix86+x86_64, r-oldrel-macos-x86_64, r-oldrel-windows-ix86+x86_64

Version: 1.0-28
Check: whether package can be installed
Result: WARN
    Found the following significant warnings:
     WARNING: installation-time patches will not be applied, could not get the patches index
Flavor: r-devel-windows-x86_64-gcc10-UCRT

Version: 1.0-28
Check: PDF version of manual
Result: WARN
    LaTeX errors when creating PDF version.
    This typically indicates Rd problems.
Flavor: r-devel-windows-x86_64-gcc10-UCRT

Version: 1.0-28
Check: PDF version of manual without hyperrefs or index
Result: ERROR
    Re-running with no redirection of stdout/stderr.
Flavor: r-devel-windows-x86_64-gcc10-UCRT