Last updated on 2023-05-27 02:49:35 CEST.
Flavor | Version | Tinstall | Tcheck | Ttotal | Status | Flags |
---|---|---|---|---|---|---|
r-devel-linux-x86_64-debian-clang | 0.1.2 | 325.40 | 129.28 | 454.68 | NOTE | |
r-devel-linux-x86_64-debian-gcc | 0.1.2 | 246.41 | 97.88 | 344.29 | NOTE | |
r-devel-linux-x86_64-fedora-clang | 0.1.2 | 663.14 | NOTE | |||
r-devel-linux-x86_64-fedora-gcc | 0.1.2 | 705.78 | NOTE | |||
r-devel-windows-x86_64 | 0.1.2 | 233.00 | 139.00 | 372.00 | NOTE | |
r-patched-linux-x86_64 | 0.1.2 | 189.24 | 120.95 | 310.19 | NOTE | |
r-release-linux-x86_64 | 0.1.2 | 192.92 | 121.87 | 314.79 | NOTE | |
r-release-macos-arm64 | 0.1.2 | 157.00 | NOTE | |||
r-release-macos-x86_64 | 0.1.2 | 247.00 | NOTE | |||
r-release-windows-x86_64 | 0.1.2 | 300.00 | 166.00 | 466.00 | NOTE | |
r-oldrel-macos-arm64 | 0.1.2 | 130.00 | NOTE | |||
r-oldrel-macos-x86_64 | 0.1.2 | 215.00 | NOTE | |||
r-oldrel-windows-x86_64 | 0.1.2 | 293.00 | 157.00 | 450.00 | OK |
Version: 0.1.2
Check: C++ specification
Result: NOTE
Specified C++11: please drop specification unless essential
Flavors: r-devel-linux-x86_64-debian-clang, r-devel-linux-x86_64-debian-gcc, r-devel-linux-x86_64-fedora-clang, r-devel-linux-x86_64-fedora-gcc, r-devel-windows-x86_64, r-patched-linux-x86_64, r-release-linux-x86_64, r-release-macos-arm64, r-release-macos-x86_64, r-release-windows-x86_64
Version: 0.1.2
Check: installed package size
Result: NOTE
installed size is 10.1Mb
sub-directories of 1Mb or more:
libs 9.8Mb
Flavors: r-release-macos-arm64, r-release-macos-x86_64, r-oldrel-macos-arm64, r-oldrel-macos-x86_64