CRAN Package Check Results for Package CISE

Last updated on 2022-01-28 02:50:53 CET.

Flavor Version Tinstall Tcheck Ttotal Status Flags
r-devel-linux-x86_64-debian-clang 0.1.0 9.55 98.54 108.09 NOTE
r-devel-linux-x86_64-debian-gcc 0.1.0 8.21 74.66 82.87 NOTE
r-devel-linux-x86_64-fedora-clang 0.1.0 138.74 OK
r-devel-linux-x86_64-fedora-gcc 0.1.0 127.17 OK
r-devel-windows-x86_64-new-UL 0.1.0 29.00 119.00 148.00 NOTE
r-devel-windows-x86_64-new-TK 0.1.0 OK
r-patched-linux-x86_64 0.1.0 9.12 91.42 100.54 NOTE
r-release-linux-x86_64 0.1.0 7.43 91.59 99.02 NOTE
r-release-macos-arm64 0.1.0 OK
r-release-macos-x86_64 0.1.0 OK
r-release-windows-ix86+x86_64 0.1.0 21.00 109.00 130.00 NOTE
r-oldrel-macos-x86_64 0.1.0 OK
r-oldrel-windows-ix86+x86_64 0.1.0 21.00 112.00 133.00 NOTE

Check Details

Version: 0.1.0
Check: package vignettes
Result: NOTE
    Package vignette with placeholder title 'Vignette Title':
     'CISE_vignette.Rmd'
Flavors: r-devel-linux-x86_64-debian-clang, r-devel-linux-x86_64-debian-gcc, r-devel-windows-x86_64-new-UL, r-patched-linux-x86_64, r-release-linux-x86_64, r-release-windows-ix86+x86_64, r-oldrel-windows-ix86+x86_64