CRAN Package Check Results for Package CKMRpop

Last updated on 2021-11-30 02:50:54 CET.

Flavor Version Tinstall Tcheck Ttotal Status Flags
r-devel-linux-x86_64-debian-clang 0.1.3 41.67 185.27 226.94 OK
r-devel-linux-x86_64-debian-gcc 0.1.3 30.13 130.95 161.08 OK
r-devel-linux-x86_64-fedora-clang 0.1.3 281.56 NOTE
r-devel-linux-x86_64-fedora-gcc 0.1.3 274.77 OK
r-devel-windows-x86_64-new-UL 0.1.3 63.00 297.00 360.00 NOTE
r-devel-windows-x86_64-new-TK 0.1.3 OK
r-devel-windows-x86_64-old 0.1.3 55.00 169.00 224.00 NOTE
r-patched-linux-x86_64 0.1.3 24.62 168.45 193.07 OK
r-patched-solaris-x86 0.1.3 196.00 NOTE
r-release-linux-x86_64 0.1.3 35.17 169.21 204.38 OK
r-release-macos-arm64 0.1.3 NOTE
r-release-macos-x86_64 0.1.3 NOTE
r-release-windows-ix86+x86_64 0.1.3 99.00 277.00 376.00 NOTE
r-oldrel-macos-x86_64 0.1.3 NOTE
r-oldrel-windows-ix86+x86_64 0.1.3 71.00 225.00 296.00 NOTE

Check Details

Version: 0.1.3
Check: installed package size
Result: NOTE
     installed size is 6.9Mb
     sub-directories of 1Mb or more:
     data 1.1Mb
     doc 3.6Mb
     help 1.0Mb
     libs 1.1Mb
Flavors: r-devel-linux-x86_64-fedora-clang, r-devel-windows-x86_64-new-UL, r-devel-windows-x86_64-old, r-patched-solaris-x86, r-release-macos-arm64, r-release-macos-x86_64, r-release-windows-ix86+x86_64, r-oldrel-macos-x86_64, r-oldrel-windows-ix86+x86_64