CRAN Package Check Results for Package CLME

Last updated on 2022-01-28 02:50:53 CET.

Flavor Version Tinstall Tcheck Ttotal Status Flags
r-devel-linux-x86_64-debian-clang 2.0-12 13.05 126.32 139.37 OK
r-devel-linux-x86_64-debian-gcc 2.0-12 10.14 96.77 106.91 OK
r-devel-linux-x86_64-fedora-clang 2.0-12 174.10 OK
r-devel-linux-x86_64-fedora-gcc 2.0-12 165.56 OK
r-devel-windows-x86_64-new-UL 2.0-12 42.00 150.00 192.00 OK
r-devel-windows-x86_64-new-TK 2.0-12 ERROR
r-patched-linux-x86_64 2.0-12 14.07 117.06 131.13 OK
r-release-linux-x86_64 2.0-12 11.53 115.55 127.08 OK
r-release-macos-arm64 2.0-12 OK
r-release-macos-x86_64 2.0-12 OK
r-release-windows-ix86+x86_64 2.0-12 27.00 139.00 166.00 OK
r-oldrel-macos-x86_64 2.0-12 OK
r-oldrel-windows-ix86+x86_64 2.0-12 27.00 145.00 172.00 OK

Check Details

Version: 2.0-12
Check: package dependencies
Result: ERROR
    Package required but not available: 'lme4'
    
    See section 'The DESCRIPTION file' in the 'Writing R Extensions'
    manual.
Flavor: r-devel-windows-x86_64-new-TK