CRAN Package Check Results for Package COCONUT

Last updated on 2021-09-22 02:49:08 CEST.

Flavor Version Tinstall Tcheck Ttotal Status Flags
r-devel-linux-x86_64-debian-clang 1.0.2 2.48 27.85 30.33 OK
r-devel-linux-x86_64-debian-gcc 1.0.2 2.02 21.42 23.44 OK
r-devel-linux-x86_64-fedora-clang 1.0.2 45.93 OK
r-devel-linux-x86_64-fedora-gcc 1.0.2 34.37 OK
r-devel-windows-x86_64 1.0.2 4.00 33.00 37.00 OK
r-devel-windows-x86_64-gcc10-UCRT 1.0.2 ERROR
r-patched-linux-x86_64 1.0.2 2.65 26.99 29.64 OK
r-patched-solaris-x86 1.0.2 53.60 OK
r-release-linux-x86_64 1.0.2 2.48 26.95 29.43 OK
r-release-macos-arm64 1.0.2 OK
r-release-macos-x86_64 1.0.2 OK
r-release-windows-ix86+x86_64 1.0.2 7.00 42.00 49.00 OK
r-oldrel-macos-x86_64 1.0.2 OK
r-oldrel-windows-ix86+x86_64 1.0.2 5.00 43.00 48.00 OK

Check Details

Version: 1.0.2
Check: whether package can be installed
Result: WARN
    Found the following significant warnings:
     WARNING: installation-time patches will not be applied, could not get the patches index
Flavor: r-devel-windows-x86_64-gcc10-UCRT

Version: 1.0.2
Check: PDF version of manual
Result: WARN
    LaTeX errors when creating PDF version.
    This typically indicates Rd problems.
Flavor: r-devel-windows-x86_64-gcc10-UCRT

Version: 1.0.2
Check: PDF version of manual without hyperrefs or index
Result: ERROR
    Re-running with no redirection of stdout/stderr.
Flavor: r-devel-windows-x86_64-gcc10-UCRT