CRAN Package Check Results for Package CRANsearcher

Last updated on 2022-01-29 02:49:44 CET.

Flavor Version Tinstall Tcheck Ttotal Status Flags
r-devel-linux-x86_64-debian-clang 1.0.0 8.43 71.64 80.07 OK
r-devel-linux-x86_64-debian-gcc 1.0.0 6.57 54.10 60.67 OK
r-devel-linux-x86_64-fedora-clang 1.0.0 96.42 NOTE
r-devel-linux-x86_64-fedora-gcc 1.0.0 83.43 NOTE
r-devel-windows-x86_64-new-UL 1.0.0 23.00 86.00 109.00 OK
r-devel-windows-x86_64-new-TK 1.0.0 NOTE
r-patched-linux-x86_64 1.0.0 7.08 62.19 69.27 OK
r-release-linux-x86_64 1.0.0 6.57 61.54 68.11 OK
r-release-macos-arm64 1.0.0 NOTE
r-release-macos-x86_64 1.0.0 NOTE
r-release-windows-ix86+x86_64 1.0.0 18.00 75.00 93.00 OK
r-oldrel-macos-x86_64 1.0.0 NOTE
r-oldrel-windows-ix86+x86_64 1.0.0 18.00 77.00 95.00 OK

Check Details

Version: 1.0.0
Check: data for non-ASCII characters
Result: NOTE
     Note: found 11 marked Latin-1 strings
     Note: found 57 marked UTF-8 strings
Flavors: r-devel-linux-x86_64-fedora-clang, r-devel-linux-x86_64-fedora-gcc, r-devel-windows-x86_64-new-TK, r-release-macos-arm64, r-release-macos-x86_64, r-oldrel-macos-x86_64