CRAN Package Check Results for Package Carlson

Last updated on 2021-06-23 02:50:45 CEST.

Flavor Version Tinstall Tcheck Ttotal Status Flags
r-devel-linux-x86_64-debian-clang 1.0.1 2.40 24.26 26.66 NOTE
r-devel-linux-x86_64-debian-gcc 1.0.1 1.94 19.05 20.99 NOTE
r-devel-linux-x86_64-fedora-clang 1.0.1 41.50 NOTE
r-devel-linux-x86_64-fedora-gcc 1.0.1 31.16 NOTE
r-devel-windows-x86_64 1.0.1 4.00 38.00 42.00 NOTE
r-devel-windows-x86_64-gcc10-UCRT 1.0.1 NOTE
r-patched-linux-x86_64 1.0.1 2.47 23.41 25.88 NOTE
r-patched-solaris-x86 1.0.1 47.20 NOTE
r-release-linux-x86_64 1.0.1 2.49 23.27 25.76 NOTE
r-release-macos-arm64 1.0.1 NOTE
r-release-macos-x86_64 1.0.1 NOTE
r-release-windows-ix86+x86_64 1.0.1 6.00 30.00 36.00 NOTE
r-oldrel-macos-x86_64 1.0.1 OK

Check Details

Version: 1.0.1
Check: LazyData
Result: NOTE
     'LazyData' is specified without a 'data' directory
Flavors: r-devel-linux-x86_64-debian-clang, r-devel-linux-x86_64-debian-gcc, r-devel-linux-x86_64-fedora-clang, r-devel-linux-x86_64-fedora-gcc, r-devel-windows-x86_64, r-devel-windows-x86_64-gcc10-UCRT, r-patched-linux-x86_64, r-patched-solaris-x86, r-release-linux-x86_64, r-release-macos-arm64, r-release-macos-x86_64, r-release-windows-ix86+x86_64