CRAN Package Check Results for Package Cascade

Last updated on 2021-12-04 02:48:37 CET.

Flavor Version Tinstall Tcheck Ttotal Status Flags
r-devel-linux-x86_64-debian-clang 2.0 10.03 113.43 123.46 OK
r-devel-linux-x86_64-debian-gcc 2.0 9.17 87.59 96.76 OK
r-devel-linux-x86_64-fedora-clang 2.0 163.05 NOTE
r-devel-linux-x86_64-fedora-gcc 2.0 161.50 NOTE
r-devel-windows-x86_64-new-UL 2.0 24.00 154.00 178.00 OK
r-devel-windows-x86_64-new-TK 2.0 NOTE
r-devel-windows-x86_64-old 2.0 19.00 102.00 121.00 OK
r-patched-linux-x86_64 2.0 12.70 112.01 124.71 OK
r-release-linux-x86_64 2.0 10.83 110.16 120.99 OK
r-release-macos-arm64 2.0 NOTE
r-release-macos-x86_64 2.0 NOTE
r-release-windows-ix86+x86_64 2.0 27.00 150.00 177.00 OK
r-oldrel-macos-x86_64 2.0 NOTE
r-oldrel-windows-ix86+x86_64 2.0 27.00 146.00 173.00 OK

Check Details

Version: 2.0
Check: dependencies in R code
Result: NOTE
    Namespace in Imports field not imported from: ‘abind’
     All declared Imports should be used.
Flavors: r-devel-linux-x86_64-fedora-clang, r-devel-linux-x86_64-fedora-gcc, r-devel-windows-x86_64-new-TK, r-release-macos-arm64, r-release-macos-x86_64, r-oldrel-macos-x86_64