CRAN Package Check Results for Package CausalMBSTS

Last updated on 2022-08-08 03:54:41 CEST.

Flavor Version Tinstall Tcheck Ttotal Status Flags
r-devel-linux-x86_64-debian-clang 0.1.1 13.28 164.79 178.07 OK
r-devel-linux-x86_64-debian-gcc 0.1.1 9.04 122.24 131.28 OK
r-devel-linux-x86_64-fedora-clang 0.1.1 228.77 OK
r-devel-linux-x86_64-fedora-gcc 0.1.1 220.87 OK
r-devel-windows-x86_64 0.1.1 27.00 179.00 206.00 OK
r-patched-linux-x86_64 0.1.1 11.55 153.88 165.43 OK
r-release-linux-x86_64 0.1.1 OK
r-release-macos-arm64 0.1.1 57.00 OK
r-release-macos-x86_64 0.1.1 120.00 OK
r-release-windows-x86_64 0.1.1 28.00 183.00 211.00 OK
r-oldrel-macos-arm64 0.1.1 64.00 OK
r-oldrel-macos-x86_64 0.1.1 79.00 OK
r-oldrel-windows-ix86+x86_64 0.1.1 6.00 27.00 33.00 ERROR

Check Details

Version: 0.1.1
Check: whether package can be installed
Result: ERROR
    Installation failed.
Flavor: r-oldrel-windows-ix86+x86_64