CRAN Package Check Results for Package CerioliOutlierDetection

Last updated on 2021-09-22 02:49:07 CEST.

Flavor Version Tinstall Tcheck Ttotal Status Flags
r-devel-linux-x86_64-debian-clang 1.1.9 2.55 26.74 29.29 NOTE
r-devel-linux-x86_64-debian-gcc 1.1.9 2.10 21.17 23.27 NOTE
r-devel-linux-x86_64-fedora-clang 1.1.9 45.36 NOTE
r-devel-linux-x86_64-fedora-gcc 1.1.9 33.62 NOTE
r-devel-windows-x86_64 1.1.9 5.00 32.00 37.00 OK
r-devel-windows-x86_64-gcc10-UCRT 1.1.9 ERROR
r-patched-linux-x86_64 1.1.9 4.86 25.80 30.66 NOTE
r-patched-solaris-x86 1.1.9 53.40 NOTE
r-release-linux-x86_64 1.1.9 2.47 26.06 28.53 NOTE
r-release-macos-arm64 1.1.9 NOTE
r-release-macos-x86_64 1.1.9 NOTE
r-release-windows-ix86+x86_64 1.1.9 6.00 42.00 48.00 OK
r-oldrel-macos-x86_64 1.1.9 OK
r-oldrel-windows-ix86+x86_64 1.1.9 6.00 33.00 39.00 OK

Check Details

Version: 1.1.9
Check: package dependencies
Result: NOTE
    Package suggested but not available for checking: 'alr3'
Flavors: r-devel-linux-x86_64-debian-clang, r-devel-linux-x86_64-debian-gcc, r-devel-linux-x86_64-fedora-clang, r-devel-linux-x86_64-fedora-gcc, r-devel-windows-x86_64-gcc10-UCRT, r-patched-linux-x86_64, r-patched-solaris-x86, r-release-linux-x86_64, r-release-macos-arm64, r-release-macos-x86_64

Version: 1.1.9
Check: whether package can be installed
Result: WARN
    Found the following significant warnings:
     WARNING: installation-time patches will not be applied, could not get the patches index
Flavor: r-devel-windows-x86_64-gcc10-UCRT

Version: 1.1.9
Check: PDF version of manual
Result: WARN
    LaTeX errors when creating PDF version.
    This typically indicates Rd problems.
Flavor: r-devel-windows-x86_64-gcc10-UCRT

Version: 1.1.9
Check: PDF version of manual without hyperrefs or index
Result: ERROR
    Re-running with no redirection of stdout/stderr.
Flavor: r-devel-windows-x86_64-gcc10-UCRT