CRAN Package Check Results for Package ChoiceModelR

Last updated on 2021-12-03 02:48:49 CET.

Flavor Version Tinstall Tcheck Ttotal Status Flags
r-devel-linux-x86_64-debian-clang 1.2 3.33 30.64 33.97 NOTE
r-devel-linux-x86_64-debian-gcc 1.2 2.71 23.58 26.29 NOTE
r-devel-linux-x86_64-fedora-clang 1.2 51.86 NOTE
r-devel-linux-x86_64-fedora-gcc 1.2 43.74 NOTE
r-devel-windows-x86_64-new-UL 1.2 10.00 63.00 73.00 NOTE
r-devel-windows-x86_64-new-TK 1.2 NOTE
r-devel-windows-x86_64-old 1.2 6.00 39.00 45.00 NOTE
r-patched-linux-x86_64 1.2 3.20 29.04 32.24 NOTE
r-patched-solaris-x86 1.2 62.50 NOTE
r-release-linux-x86_64 1.2 2.59 29.34 31.93 NOTE
r-release-macos-arm64 1.2 NOTE
r-release-macos-x86_64 1.2 NOTE
r-release-windows-ix86+x86_64 1.2 7.00 57.00 64.00 NOTE
r-oldrel-macos-x86_64 1.2 NOTE
r-oldrel-windows-ix86+x86_64 1.2 7.00 50.00 57.00 NOTE

Check Details

Version: 1.2
Check: top-level files
Result: NOTE
    File
     LICENSE
    is not mentioned in the DESCRIPTION file.
Flavors: r-devel-linux-x86_64-debian-clang, r-devel-linux-x86_64-debian-gcc, r-devel-linux-x86_64-fedora-clang, r-devel-linux-x86_64-fedora-gcc, r-devel-windows-x86_64-new-UL, r-devel-windows-x86_64-new-TK, r-devel-windows-x86_64-old, r-patched-linux-x86_64, r-patched-solaris-x86, r-release-linux-x86_64, r-release-macos-arm64, r-release-macos-x86_64, r-release-windows-ix86+x86_64, r-oldrel-macos-x86_64, r-oldrel-windows-ix86+x86_64

Version: 1.2
Check: R code for possible problems
Result: NOTE
    choicemodelr : drawDelta: no visible global function definition for
     'rnorm'
    choicemodelr : mnlRwMetropOnce: no visible global function definition
     for 'rnorm'
    choicemodelr : mnlRwMetropOnce: no visible global function definition
     for 'runif'
    choicemodelr : rmultireg: no visible global function definition for
     'rnorm'
    choicemodelr : rwishart: no visible global function definition for
     'rchisq'
    choicemodelr : rwishart: no visible global function definition for
     'rnorm'
    choicemodelr : fsh: no visible global function definition for
     'flush.console'
    choicemodelr: no visible global function definition for 'matplot'
    choicemodelr: no visible global function definition for 'write.table'
    Undefined global functions or variables:
     flush.console matplot rchisq rnorm runif write.table
    Consider adding
     importFrom("graphics", "matplot")
     importFrom("stats", "rchisq", "rnorm", "runif")
     importFrom("utils", "flush.console", "write.table")
    to your NAMESPACE file.
Flavors: r-devel-linux-x86_64-debian-clang, r-devel-linux-x86_64-debian-gcc, r-devel-linux-x86_64-fedora-clang, r-devel-linux-x86_64-fedora-gcc, r-devel-windows-x86_64-new-UL, r-devel-windows-x86_64-new-TK, r-devel-windows-x86_64-old, r-patched-linux-x86_64, r-patched-solaris-x86, r-release-linux-x86_64, r-release-macos-arm64, r-release-macos-x86_64, r-release-windows-ix86+x86_64, r-oldrel-macos-x86_64, r-oldrel-windows-ix86+x86_64

Version: 1.2
Check: Rd line widths
Result: NOTE
    Rd file 'choicemodelr.Rd':
     \examples lines wider than 100 characters:
     estbetas = cbind(estbetas[,1:4],0-apply(estbetas[,1:4],1,sum),estbetas[,5:6],0-apply(estbetas[,5:6],1,sum))
     estbetas = cbind(estbetas[,1:4],0-apply(estbetas[,1:4],1,sum),estbetas[,5:6],0-apply(estbetas[,5:6],1,sum))
    
    These lines will be truncated in the PDF manual.
Flavors: r-devel-linux-x86_64-debian-clang, r-devel-linux-x86_64-debian-gcc, r-devel-linux-x86_64-fedora-clang, r-devel-linux-x86_64-fedora-gcc, r-patched-linux-x86_64, r-release-linux-x86_64

Version: 1.2
Check: for non-standard things in the check directory
Result: NOTE
    Found the following files/directories:
     'RBetas.csv' 'RLog.txt' 'restart.txt'
Flavors: r-devel-linux-x86_64-debian-clang, r-devel-linux-x86_64-debian-gcc, r-devel-linux-x86_64-fedora-clang, r-devel-linux-x86_64-fedora-gcc, r-patched-linux-x86_64, r-patched-solaris-x86, r-release-linux-x86_64