CRAN Package Check Results for Package CoTiMA

Last updated on 2022-07-03 02:50:59 CEST.

Flavor Version Tinstall Tcheck Ttotal Status Flags
r-devel-linux-x86_64-debian-clang 0.5.4 1.17 3.12 4.29 ERROR
r-devel-linux-x86_64-debian-gcc 0.5.4 36.77 213.23 250.00 OK
r-devel-linux-x86_64-fedora-clang 0.5.4 405.02 NOTE
r-devel-linux-x86_64-fedora-gcc 0.5.4 337.97 NOTE
r-devel-windows-x86_64 0.5.4 130.00 302.00 432.00 OK
r-patched-linux-x86_64 0.5.4 44.94 268.04 312.98 OK
r-release-linux-x86_64 0.5.4 41.59 270.97 312.56 OK
r-release-macos-arm64 0.5.4 106.00 NOTE
r-release-macos-x86_64 0.5.4 178.00 NOTE
r-release-windows-x86_64 0.5.4 132.00 293.00 425.00 OK
r-oldrel-macos-arm64 0.5.4 83.00 NOTE
r-oldrel-macos-x86_64 0.5.4 148.00 NOTE
r-oldrel-windows-ix86+x86_64 0.5.4 92.00 304.00 396.00 OK

Check Details

Version: 0.5.4
Check: package dependencies
Result: ERROR
    Package required but not available: 'ctsem'
    
    See section 'The DESCRIPTION file' in the 'Writing R Extensions'
    manual.
Flavor: r-devel-linux-x86_64-debian-clang

Version: 0.5.4
Check: data for non-ASCII characters
Result: NOTE
     Note: found 59 marked UTF-8 strings
Flavors: r-devel-linux-x86_64-fedora-clang, r-devel-linux-x86_64-fedora-gcc, r-release-macos-arm64, r-release-macos-x86_64, r-oldrel-macos-arm64, r-oldrel-macos-x86_64

Version: 0.5.4
Check: installed package size
Result: NOTE
     installed size is 5.6Mb
     sub-directories of 1Mb or more:
     data 4.4Mb
Flavor: r-oldrel-macos-arm64