CRAN Package Check Results for Package CohortPlat

Last updated on 2022-06-29 02:55:07 CEST.

Flavor Version Tinstall Tcheck Ttotal Status Flags
r-devel-linux-x86_64-debian-clang 1.0.5 6.42 73.16 79.58 OK
r-devel-linux-x86_64-debian-gcc 1.0.5 4.81 54.78 59.59 OK
r-devel-linux-x86_64-fedora-clang 1.0.5 104.95 NOTE
r-devel-linux-x86_64-fedora-gcc 1.0.5 109.07 NOTE
r-devel-windows-x86_64 1.0.5 113.00 114.00 227.00 OK
r-patched-linux-x86_64 1.0.5 6.71 69.99 76.70 OK
r-release-linux-x86_64 1.0.5 6.22 69.80 76.02 OK
r-release-macos-arm64 1.0.5 38.00 OK
r-release-macos-x86_64 1.0.5 60.00 OK
r-release-windows-x86_64 1.0.5 197.00 120.00 317.00 OK
r-oldrel-macos-arm64 1.0.5 27.00 OK
r-oldrel-macos-x86_64 1.0.5 41.00 OK
r-oldrel-windows-ix86+x86_64 1.0.5 14.00 81.00 95.00 OK

Check Details

Version: 1.0.5
Check: package dependencies
Result: NOTE
    Suggests orphaned package: ‘gtools’
Flavors: r-devel-linux-x86_64-fedora-clang, r-devel-linux-x86_64-fedora-gcc