CRAN Package Check Results for Package ConsReg

Last updated on 2022-01-27 02:51:22 CET.

Flavor Version Tinstall Tcheck Ttotal Status Flags
r-devel-linux-x86_64-debian-clang 0.1.0 6.11 62.90 69.01 OK
r-devel-linux-x86_64-debian-gcc 0.1.0 3.83 47.88 51.71 OK
r-devel-linux-x86_64-fedora-clang 0.1.0 86.09 NOTE
r-devel-linux-x86_64-fedora-gcc 0.1.0 75.54 NOTE
r-devel-windows-x86_64-new-UL 0.1.0 34.00 92.00 126.00 OK
r-devel-windows-x86_64-new-TK 0.1.0 ERROR
r-patched-linux-x86_64 0.1.0 4.65 57.45 62.10 OK
r-release-linux-x86_64 0.1.0 4.99 57.67 62.66 OK
r-release-macos-arm64 0.1.0 OK
r-release-macos-x86_64 0.1.0 OK
r-release-windows-ix86+x86_64 0.1.0 15.00 106.00 121.00 OK
r-oldrel-macos-x86_64 0.1.0 OK
r-oldrel-windows-ix86+x86_64 0.1.0 14.00 104.00 118.00 OK

Check Details

Version: 0.1.0
Check: compiled code
Result: NOTE
    File ‘ConsReg/libs/ConsReg.so’:
     Found no calls to: ‘R_registerRoutines’, ‘R_useDynamicSymbols’
    
    It is good practice to register native routines and to disable symbol
    search.
    
    See ‘Writing portable packages’ in the ‘Writing R Extensions’ manual.
Flavors: r-devel-linux-x86_64-fedora-clang, r-devel-linux-x86_64-fedora-gcc

Version: 0.1.0
Check: package dependencies
Result: ERROR
    Package required but not available: 'nloptr'
    
    See section 'The DESCRIPTION file' in the 'Writing R Extensions'
    manual.
Flavor: r-devel-windows-x86_64-new-TK