CRAN Package Check Results for Package DAMisc

Last updated on 2021-09-21 02:48:50 CEST.

Flavor Version Tinstall Tcheck Ttotal Status Flags
r-devel-linux-x86_64-debian-clang 1.6.2 35.36 311.73 347.09 OK
r-devel-linux-x86_64-debian-gcc 1.6.2 29.32 231.88 261.20 OK
r-devel-linux-x86_64-fedora-clang 1.6.2 424.60 NOTE
r-devel-linux-x86_64-fedora-gcc 1.6.2 407.95 NOTE
r-devel-windows-x86_64 1.6.2 38.00 279.00 317.00 OK
r-devel-windows-x86_64-gcc10-UCRT 1.6.2 ERROR
r-patched-linux-x86_64 1.6.2 43.19 302.97 346.16 OK
r-patched-solaris-x86 1.6.2 577.20 NOTE
r-release-linux-x86_64 1.6.2 31.67 305.50 337.17 OK
r-release-macos-arm64 1.6.2 NOTE
r-release-macos-x86_64 1.6.2 NOTE
r-release-windows-ix86+x86_64 1.6.2 79.00 378.00 457.00 OK
r-oldrel-macos-x86_64 1.6.2 NOTE
r-oldrel-windows-ix86+x86_64 1.6.2 76.00 388.00 464.00 OK

Check Details

Version: 1.6.2
Check: package dependencies
Result: NOTE
    Imports includes 27 non-default packages.
    Importing from so many packages makes the package vulnerable to any of
    them becoming unavailable. Move as many as possible to Suggests and
    use conditionally.
Flavor: r-devel-linux-x86_64-fedora-clang

Version: 1.6.2
Check: dependencies in R code
Result: NOTE
    Namespace in Imports field not imported from: ‘gamlss’
     All declared Imports should be used.
Flavors: r-devel-linux-x86_64-fedora-clang, r-devel-linux-x86_64-fedora-gcc, r-devel-windows-x86_64-gcc10-UCRT, r-patched-solaris-x86, r-release-macos-arm64, r-release-macos-x86_64, r-oldrel-macos-x86_64

Version: 1.6.2
Check: whether package can be installed
Result: WARN
    Found the following significant warnings:
     WARNING: installation-time patches will not be applied, could not get the patches index
Flavor: r-devel-windows-x86_64-gcc10-UCRT

Version: 1.6.2
Check: PDF version of manual
Result: WARN
    LaTeX errors when creating PDF version.
    This typically indicates Rd problems.
Flavor: r-devel-windows-x86_64-gcc10-UCRT

Version: 1.6.2
Check: PDF version of manual without hyperrefs or index
Result: ERROR
    Re-running with no redirection of stdout/stderr.
Flavor: r-devel-windows-x86_64-gcc10-UCRT